{"id":923,"date":"2022-05-01T16:28:29","date_gmt":"2022-05-01T14:28:29","guid":{"rendered":"https:\/\/nintendo64.pl\/?page_id=923"},"modified":"2023-01-19T12:56:26","modified_gmt":"2023-01-19T11:56:26","slug":"gry-z-nintendo-64-dostepne-na-switch","status":"publish","type":"page","link":"https:\/\/nintendo64.pl\/index.php\/gry-z-nintendo-64-dostepne-na-switch\/","title":{"rendered":"Gry z Nintendo 64 dost\u0119pne na Switch"},"content":{"rendered":"<p style=\"text-align: justify;\">Biblioteka gier z Nintendo 64 dost\u0119pna na najnowszej konsoli Switch jest coraz bardziej obszerna. Poza ci\u0105gle rozszerzan\u0105 ofert\u0105 gier w ramach abonamentu <strong>Nintendo Switch Online<\/strong> na rynku pojawi\u0142y si\u0119 wersje pude\u0142kowe kilku gier. Niestety wydane w ograniczonym nak\u0142adzie lub w okre\u015blonym czasie, co prze\u0142o\u017cy\u0142o si\u0119 na wyg\u00f3rowane ceny. Niemniej bardzo mnie ciesz\u0105 te wydania fizyczne.<\/p>\n<p><img loading=\"lazy\" decoding=\"async\" class=\"aligncenter size-full wp-image-1627\" src=\"https:\/\/nintendo64.pl\/wp-content\/uploads\/nintendo64pl-4-1.jpg\" alt=\"\" width=\"1050\" height=\"551\" \/><\/p>\n<p>Poni\u017cej kr\u00f3tkie zestawienie dost\u0119pnych gier:<\/p>\n<p>\u2022 Turok: Dinosaur Hunter<br \/>\n\u2022 Turok 2: Seeds of Evil<br \/>\n\u2022 Star Wars: Episode I Racer<br \/>\n\u2022 DOOM 64<br \/>\n\u2022 Super Mario 64 w sk\u0142adance Super Mario 3D All Stars<br \/>\n\u2022 Shadow Man (w trakcie wysy\u0142ki , wiec jeszcze nie mam)<\/p>\n<p>Dost\u0119pne jest jeszcze drugie wydanie <strong>Star Wars: Episode I Racer<\/strong> w zestawie z drug\u0105 gr\u0105. A tak\u017ce <strong>Quake<\/strong>, ale ten nie by\u0142 tytu\u0142em pochodz\u0105cym typowo z Nintendo 64.<\/p>\n<p><img loading=\"lazy\" decoding=\"async\" class=\"aligncenter size-full wp-image-1621\" src=\"https:\/\/nintendo64.pl\/wp-content\/uploads\/nintendo64pl-5.jpg\" alt=\"\" width=\"1050\" height=\"683\" srcset=\"https:\/\/nintendo64.pl\/wp-content\/uploads\/nintendo64pl-5.jpg 1050w, https:\/\/nintendo64.pl\/wp-content\/uploads\/nintendo64pl-5-300x195.jpg 300w, https:\/\/nintendo64.pl\/wp-content\/uploads\/nintendo64pl-5-1024x666.jpg 1024w, https:\/\/nintendo64.pl\/wp-content\/uploads\/nintendo64pl-5-150x98.jpg 150w, https:\/\/nintendo64.pl\/wp-content\/uploads\/nintendo64pl-5-768x500.jpg 768w, https:\/\/nintendo64.pl\/wp-content\/uploads\/nintendo64pl-5-660x429.jpg 660w\" sizes=\"auto, (max-width: 1050px) 100vw, 1050px\" \/><\/p>\n<h2 style=\"text-align: center;\"><strong>Wydania fizyczne<\/strong><\/h2>\n<p style=\"text-align: justify;\">Z prezentowanych powy\u017cej pude\u0142ek mam otwarte tylko dwa. Ca\u0142a reszta czeka jeszcze w folii. Dlatego te\u017c pokazuje jak wygl\u0105da wn\u0119trze tylko dw\u00f3ch pude\u0142ek. Dla os\u00f3b troch\u0119 starszej daty to a\u017c przykro patrze\u0107 na pustk\u0119 jaka widnieje wewn\u0105trz. Co prawda Turok ma w \u015brodku manual, ale to i tak s\u0142abo wykonana kiszeczka zawieraj\u0105ca tylko to co konieczne. Cieszy za\u015b kolorowa wewn\u0119trzna strona pude\u0142ka.<\/p>\n<p><img loading=\"lazy\" decoding=\"async\" class=\"aligncenter size-full wp-image-1622\" src=\"https:\/\/nintendo64.pl\/wp-content\/uploads\/nintendo64pl-8.jpg\" alt=\"\" width=\"1050\" height=\"642\" srcset=\"https:\/\/nintendo64.pl\/wp-content\/uploads\/nintendo64pl-8.jpg 1050w, https:\/\/nintendo64.pl\/wp-content\/uploads\/nintendo64pl-8-300x183.jpg 300w, https:\/\/nintendo64.pl\/wp-content\/uploads\/nintendo64pl-8-1024x626.jpg 1024w, https:\/\/nintendo64.pl\/wp-content\/uploads\/nintendo64pl-8-150x92.jpg 150w, https:\/\/nintendo64.pl\/wp-content\/uploads\/nintendo64pl-8-768x470.jpg 768w, https:\/\/nintendo64.pl\/wp-content\/uploads\/nintendo64pl-8-660x404.jpg 660w\" sizes=\"auto, (max-width: 1050px) 100vw, 1050px\" \/> <img loading=\"lazy\" decoding=\"async\" class=\"aligncenter size-full wp-image-1623\" src=\"https:\/\/nintendo64.pl\/wp-content\/uploads\/nintendo64pl-9.jpg\" alt=\"\" width=\"1050\" height=\"745\" srcset=\"https:\/\/nintendo64.pl\/wp-content\/uploads\/nintendo64pl-9.jpg 1050w, https:\/\/nintendo64.pl\/wp-content\/uploads\/nintendo64pl-9-300x213.jpg 300w, https:\/\/nintendo64.pl\/wp-content\/uploads\/nintendo64pl-9-1024x727.jpg 1024w, https:\/\/nintendo64.pl\/wp-content\/uploads\/nintendo64pl-9-150x106.jpg 150w, https:\/\/nintendo64.pl\/wp-content\/uploads\/nintendo64pl-9-768x545.jpg 768w, https:\/\/nintendo64.pl\/wp-content\/uploads\/nintendo64pl-9-660x468.jpg 660w\" sizes=\"auto, (max-width: 1050px) 100vw, 1050px\" \/><\/p>\n<p>Jak wida\u0107 na poni\u017cszych zdj\u0119ciach g\u0142\u00f3wnym wydawc\u0105 jest <span style=\"color: #ff6600;\"><strong><a style=\"color: #ff6600;\" href=\"https:\/\/limitedrungames.com\/\">Limited Run Games<\/a><\/strong><\/span>.<\/p>\n<p><img loading=\"lazy\" decoding=\"async\" class=\"aligncenter size-full wp-image-1624\" src=\"https:\/\/nintendo64.pl\/wp-content\/uploads\/nintendo64pl-12.jpg\" alt=\"\" width=\"1050\" height=\"1734\" srcset=\"https:\/\/nintendo64.pl\/wp-content\/uploads\/nintendo64pl-12.jpg 1050w, https:\/\/nintendo64.pl\/wp-content\/uploads\/nintendo64pl-12-182x300.jpg 182w, https:\/\/nintendo64.pl\/wp-content\/uploads\/nintendo64pl-12-620x1024.jpg 620w, https:\/\/nintendo64.pl\/wp-content\/uploads\/nintendo64pl-12-91x150.jpg 91w, https:\/\/nintendo64.pl\/wp-content\/uploads\/nintendo64pl-12-768x1268.jpg 768w, https:\/\/nintendo64.pl\/wp-content\/uploads\/nintendo64pl-12-930x1536.jpg 930w, https:\/\/nintendo64.pl\/wp-content\/uploads\/nintendo64pl-12-660x1090.jpg 660w\" sizes=\"auto, (max-width: 1050px) 100vw, 1050px\" \/> <img loading=\"lazy\" decoding=\"async\" class=\"aligncenter size-full wp-image-1626\" src=\"https:\/\/nintendo64.pl\/wp-content\/uploads\/nintendo64pl-17.jpg\" alt=\"\" width=\"1050\" height=\"785\" srcset=\"https:\/\/nintendo64.pl\/wp-content\/uploads\/nintendo64pl-17.jpg 1050w, https:\/\/nintendo64.pl\/wp-content\/uploads\/nintendo64pl-17-300x224.jpg 300w, https:\/\/nintendo64.pl\/wp-content\/uploads\/nintendo64pl-17-1024x766.jpg 1024w, https:\/\/nintendo64.pl\/wp-content\/uploads\/nintendo64pl-17-150x112.jpg 150w, https:\/\/nintendo64.pl\/wp-content\/uploads\/nintendo64pl-17-768x574.jpg 768w, https:\/\/nintendo64.pl\/wp-content\/uploads\/nintendo64pl-17-660x493.jpg 660w\" sizes=\"auto, (max-width: 1050px) 100vw, 1050px\" \/><\/p>\n<p>Jedynie sk\u0142adanka zawieraj\u0105ca dwie gry Star Wars zosta\u0142a wydana przez <span style=\"color: #000000;\"><strong>THQNORDIC<\/strong><\/span>. A tak\u017ce sk\u0142adanka z grami Super Mario oczywi\u015bcie przez Nintendo.<\/p>\n<p><img loading=\"lazy\" decoding=\"async\" class=\"aligncenter size-full wp-image-1629\" src=\"https:\/\/nintendo64.pl\/wp-content\/uploads\/nintendo64pl-6.jpg\" alt=\"\" width=\"1050\" height=\"905\" srcset=\"https:\/\/nintendo64.pl\/wp-content\/uploads\/nintendo64pl-6.jpg 1050w, https:\/\/nintendo64.pl\/wp-content\/uploads\/nintendo64pl-6-300x259.jpg 300w, https:\/\/nintendo64.pl\/wp-content\/uploads\/nintendo64pl-6-1024x883.jpg 1024w, https:\/\/nintendo64.pl\/wp-content\/uploads\/nintendo64pl-6-150x129.jpg 150w, https:\/\/nintendo64.pl\/wp-content\/uploads\/nintendo64pl-6-768x662.jpg 768w, https:\/\/nintendo64.pl\/wp-content\/uploads\/nintendo64pl-6-660x569.jpg 660w\" sizes=\"auto, (max-width: 1050px) 100vw, 1050px\" \/><\/p>\n<p><img loading=\"lazy\" decoding=\"async\" class=\"aligncenter size-full wp-image-1625\" src=\"https:\/\/nintendo64.pl\/wp-content\/uploads\/nintendo64pl-14.jpg\" alt=\"\" width=\"1050\" height=\"1383\" srcset=\"https:\/\/nintendo64.pl\/wp-content\/uploads\/nintendo64pl-14.jpg 1050w, https:\/\/nintendo64.pl\/wp-content\/uploads\/nintendo64pl-14-228x300.jpg 228w, https:\/\/nintendo64.pl\/wp-content\/uploads\/nintendo64pl-14-777x1024.jpg 777w, https:\/\/nintendo64.pl\/wp-content\/uploads\/nintendo64pl-14-114x150.jpg 114w, https:\/\/nintendo64.pl\/wp-content\/uploads\/nintendo64pl-14-768x1012.jpg 768w, https:\/\/nintendo64.pl\/wp-content\/uploads\/nintendo64pl-14-660x869.jpg 660w\" sizes=\"auto, (max-width: 1050px) 100vw, 1050px\" \/><\/p>\n<h2 style=\"text-align: center;\"><strong>Abonament Nintendo Switch Online<\/strong><\/h2>\n<p>Znacznie wi\u0119cej gier pojawi\u0142o si\u0119 w ramach abonamentu Nintendo Switch Online . Tytu\u0142y dost\u0119pne w ramach tej us\u0142ugi poni\u017cej. Stan na dzie\u0144 19 stycznia <a href=\"https:\/\/www.nintendo.com\/store\/products\/nintendo-64-nintendo-switch-online-switch\/\"><span style=\"color: #ff6600;\"><strong>[1]<\/strong><\/span><\/a><\/p>\n<p>\u2022 Banjo Kazooie<br \/>\n\u2022 Dr. Mario 64<br \/>\n\u2022 F-Zero X<br \/>\n\u2022 Kirby 64: The Crystal Shards<br \/>\n\u2022 Mario Golf<br \/>\n\u2022 Mario Kart 64<br \/>\n\u2022 Mario Party<br \/>\n\u2022 Mario Party 2<br \/>\n\u2022 Mario Tennis<br \/>\n\u2022 Paper Mario<br \/>\n\u2022 Pilotwings 64<br \/>\n\u2022 Pok\u00e9mon Puzzle League<br \/>\n\u2022 Pok\u00e9mon Snap<br \/>\n\u2022 Sin &amp; Punishment<br \/>\n\u2022 Star Fox 64<br \/>\n\u2022 Super Mario 64<br \/>\n\u2022 The Legend of Zelda: Majora&#8217;s Mask<br \/>\n\u2022 The Legend of Zelda: Ocarina of Time<br \/>\n\u2022 Wave Race 64<br \/>\n\u2022 WIN BACK: COVERT OPERATIONS<br \/>\n\u2022 Yoshi\u2019s Story<\/p>\n<p>Jak zapowiedziano w ostatnim <span style=\"color: #ff6600;\"><strong>Nintendo Direct z wrzesie\u0144 2022<span style=\"color: #000000;\">,<\/span><\/strong><\/span> piec nast\u0119puj\u0105cych tytu\u0142\u00f3w, a tak\u017ce d\u0142ugo oczekiwany powr\u00f3t <strong>GoldenEye 007,<\/strong> zmierzaj\u0105 do Switch Online w tym roku: <a href=\"https:\/\/www.nintendolife.com\/news\/2022\/09\/more-n64-games-are-coming-to-the-nintendo-switch-online-expansion-pack\"><span style=\"color: #ff6600;\"><strong>[2]<\/strong><\/span><\/a><\/p>\n<p>\u2022 Mario Party 3<br \/>\n\u2022 Pok\u00e9mon Stadium<br \/>\n\u2022 Pok\u00e9mon Stadium 2<br \/>\n\u2022 1080\u00ba Snowboarding<br \/>\n\u2022 Excitebike 64<\/p>\n<p>Zapewne to ma\u0142o prawdopodobne, ale by\u0142oby rewelacyjnie gdyby kiedy\u015b sk\u0142adanka tych gier zosta\u0142a wydana na jednym no\u015bniku. Pierwszy ustawi\u0142bym si\u0119 w kolejce!<\/p>\n<p><img loading=\"lazy\" decoding=\"async\" class=\"aligncenter size-full wp-image-1630\" src=\"https:\/\/nintendo64.pl\/wp-content\/uploads\/nintendo64pl-16.jpg\" alt=\"\" width=\"1050\" height=\"1243\" srcset=\"https:\/\/nintendo64.pl\/wp-content\/uploads\/nintendo64pl-16.jpg 1050w, https:\/\/nintendo64.pl\/wp-content\/uploads\/nintendo64pl-16-253x300.jpg 253w, https:\/\/nintendo64.pl\/wp-content\/uploads\/nintendo64pl-16-865x1024.jpg 865w, https:\/\/nintendo64.pl\/wp-content\/uploads\/nintendo64pl-16-127x150.jpg 127w, https:\/\/nintendo64.pl\/wp-content\/uploads\/nintendo64pl-16-768x909.jpg 768w, https:\/\/nintendo64.pl\/wp-content\/uploads\/nintendo64pl-16-660x781.jpg 660w\" sizes=\"auto, (max-width: 1050px) 100vw, 1050px\" \/><\/p>\n<h2 style=\"text-align: center;\"><strong>Co dalej?<\/strong><\/h2>\n<p style=\"text-align: justify;\">Jak wiadomo, nieliczna ale jednak grupka mi\u0142o\u015bnik\u00f3w fizycznie dost\u0119pnego plastiku jest nisza w kt\u00f3r\u0105 wpasowa\u0142o si\u0119 kilka wydawnictw. Tak jak udost\u0119pnione ju\u017c do tej pory gry, tak te\u017c i w przysz\u0142o\u015bci b\u0119d\u0105 zapewne kolejne tytu\u0142y wydawane dla malej grupki pasjonat\u00f3w. Dla os\u00f3b, kt\u00f3re ceni\u0105 sobie pude\u0142ko z fizycznym no\u015bnikiem i papierow\u0105 instrukcj\u0105 na p\u00f3\u0142ce. \u017ba\u0142owa\u0107 mo\u017cna tylko, \u017ce te gry wydawane s\u0105 w ograniczonym nak\u0142adzie sztucznie nakr\u0119caj\u0105c ich wyj\u0105tkowo\u015b\u0107 i co za tym idzie&#8230;.cen\u0119!<\/p>\n<p>Niemniej, mo\u017cna spodziewa\u0107 si\u0119, \u017ce niebawem do w\u0105skiego grona fizycznie wydanych gier z Nintendo 64 na Switch do\u0142\u0105czy <strong>Glover<\/strong>. A je\u017celi dobrze p\u00f3jdzie to mo\u017ce i nigdy nie wydany <strong>Glover 2.<\/strong>..?<\/p>\n<p>@ Valoo<\/p>\n<p><strong><span style=\"color: #ff6600;\">Bibliografia:<\/span><\/strong><\/p>\n<p>[1] <a href=\"https:\/\/www.nintendo.com\/store\/products\/nintendo-64-nintendo-switch-online-switch\/\"><span style=\"color: #ff6600;\"><strong><span style=\"color: #ff6600;\"><strong>https:\/\/www.nintendo.com\/store\/products\/nintendo-64-nintendo-switch-online-switch\/<\/strong><\/span><\/strong><\/span><\/a><\/p>\n<p>[2] <a href=\"https:\/\/www.nintendolife.com\/news\/2022\/09\/more-n64-games-are-coming-to-the-nintendo-switch-online-expansion-pack\"><span style=\"color: #ff6600;\"><strong>https:\/\/www.nintendolife.com\/news\/2022\/09\/more-n64-games-are-coming-to-the-nintendo-switch-online-expansion-pack<\/strong><\/span><\/a><\/p>\n","protected":false},"excerpt":{"rendered":"<p>Biblioteka gier z Nintendo 64 dost\u0119pna na najnowszej konsoli Switch jest coraz bardziej obszerna. Poza ci\u0105gle rozszerzan\u0105 ofert\u0105 gier w ramach abonamentu Nintendo Switch Online na rynku pojawi\u0142y si\u0119 wersje pude\u0142kowe kilku gier. Niestety wydane w ograniczonym nak\u0142adzie lub w okre\u015blonym czasie, co prze\u0142o\u017cy\u0142o si\u0119 na wyg\u00f3rowane ceny. Niemniej bardzo mnie ciesz\u0105 te wydania fizyczne.\u2026 <span class=\"read-more\"><a href=\"https:\/\/nintendo64.pl\/index.php\/gry-z-nintendo-64-dostepne-na-switch\/\">Czytaj dalej &raquo;<\/a><\/span><\/p>\n","protected":false},"author":1,"featured_media":0,"parent":0,"menu_order":0,"comment_status":"open","ping_status":"closed","template":"","meta":{"footnotes":""},"class_list":["post-923","page","type-page","status-publish","hentry"],"_links":{"self":[{"href":"https:\/\/nintendo64.pl\/index.php\/wp-json\/wp\/v2\/pages\/923","targetHints":{"allow":["GET"]}}],"collection":[{"href":"https:\/\/nintendo64.pl\/index.php\/wp-json\/wp\/v2\/pages"}],"about":[{"href":"https:\/\/nintendo64.pl\/index.php\/wp-json\/wp\/v2\/types\/page"}],"author":[{"embeddable":true,"href":"https:\/\/nintendo64.pl\/index.php\/wp-json\/wp\/v2\/users\/1"}],"replies":[{"embeddable":true,"href":"https:\/\/nintendo64.pl\/index.php\/wp-json\/wp\/v2\/comments?post=923"}],"version-history":[{"count":7,"href":"https:\/\/nintendo64.pl\/index.php\/wp-json\/wp\/v2\/pages\/923\/revisions"}],"predecessor-version":[{"id":1633,"href":"https:\/\/nintendo64.pl\/index.php\/wp-json\/wp\/v2\/pages\/923\/revisions\/1633"}],"wp:attachment":[{"href":"https:\/\/nintendo64.pl\/index.php\/wp-json\/wp\/v2\/media?parent=923"}],"curies":[{"name":"wp","href":"https:\/\/api.w.org\/{rel}","templated":true}]}}