{"id":7004,"date":"2026-05-16T22:23:14","date_gmt":"2026-05-16T20:23:14","guid":{"rendered":"https:\/\/nintendo64.pl\/?page_id=7004"},"modified":"2026-05-16T22:23:14","modified_gmt":"2026-05-16T20:23:14","slug":"remake-star-fox-64-zapowiedz","status":"publish","type":"page","link":"https:\/\/nintendo64.pl\/index.php\/remake-star-fox-64-zapowiedz\/","title":{"rendered":"REMAKE: Star Fox 64 &#8211; zapowied\u017a"},"content":{"rendered":"<p><strong><span style=\"color: #ff6600;\">16.05.2026.<\/span><\/strong><\/p>\n<hr \/>\n<p><img loading=\"lazy\" decoding=\"async\" class=\"alignleft size-full wp-image-7027\" src=\"https:\/\/nintendo64.pl\/wp-content\/uploads\/200-60.jpg\" alt=\"\" width=\"202\" height=\"202\" srcset=\"https:\/\/nintendo64.pl\/wp-content\/uploads\/200-60.jpg 202w, https:\/\/nintendo64.pl\/wp-content\/uploads\/200-60-150x150.jpg 150w\" sizes=\"auto, (max-width: 202px) 100vw, 202px\" \/><\/p>\n<p style=\"text-align: justify;\">W ostatnim czasie Nintendo lubi wraca\u0107 do swoich zapomnianych ju\u017c serii gier. I mimo, \u017ce nadal mi\u0142o\u015bnicy takich tytu\u0142\u00f3w jak Wave Race i F-Zero X czekaj\u0105 na kontynuacj\u0119, to do \u0142ask powraca Star Fox. A dok\u0142adnie Star Fox 64, znany w Europie jako Lylat Wars, kt\u00f3ry ju\u017c niebawem otrzyma pe\u0142noprawny remake. Data premiery zapowiedziana zosta\u0142a na 25 czerwiec tego roku, tylko na Nintendo Switch 2. W dniu 6 maja 2026 na specjalnym Direct zaprezentowano ca\u0142y trailer z om\u00f3wieniem szczeg\u00f3\u0142\u00f3w. Jak si\u0119 szybko dowiadujemy jest to poprawiona i od\u015bwie\u017cona wersja z Nintendo 64 z licznymi dodatkami, czyli typowy remake. Wizualnie \u0142\u0105czy realizm ze stylem animowanym. Prezentuje si\u0119 to do\u015b\u0107 dobrze, chocia\u017c miejscami wydaje si\u0119 by\u0107 zbyt id\u0105ce w realizm.<\/p>\n<p style=\"text-align: justify;\">Pozmieniano znacznie wygl\u0105d za\u0142ogi Star Fox, gdzie jej cz\u0142onkowie Fox McCloud, Falco Lombardi czy Peppa Hare wygl\u0105daj\u0105 teraz bardziej zwierz\u0119co. Jednak zmiany nie sprowadzaj\u0105 si\u0119 tylko do strony wizualnej, a nowa wersja nie jest zwyk\u0142ym remasterem HD. Tw\u00f3rcy podkre\u015blili, \u017ce rdze\u0144 rozgrywki pozostanie zgodny z orygina\u0142em, ale gra zostanie wzbogacona o bardziej otwarte lokacje, alternatywne \u015bcie\u017cki przej\u015bcia oraz wi\u0119kszy wp\u0142yw decyzji gracza na przebieg kampanii. Tak\u017ce historia ma by\u0107 bardziej rozbudowana i skupi\u0107 si\u0119 nie tylko na konflikcie z Androssem, ale i na relacjach mi\u0119dzy cz\u0142onkami zespo\u0142u Star Fox. W tym otrzymamy prolog opowiadaj\u0105cy o James McCloud, czyli ojcu Fox McCloud. Tak\u017ce nagrano na nowo dialogi oraz \u015bcie\u017ck\u0119 d\u017awi\u0119kow\u0105. Zapowiedziano tryb sieciowy w kt\u00f3rym zmierzymy si\u0119 w walce dru\u017cyna Star Fox kontra Star Wolf w zespo\u0142ach 4 vs 4. A tak\u017ce tryb wyzwa\u0144 oraz sterowanie \u017cyroskopowe i zastosowanie Joy-Cona jako myszki. Wprowadzony b\u0119dzie tak\u017ce lokalny co-op polegaj\u0105cy na tym, \u017ce jedna osoba pilotuje Airwinga, a druga celuje. Pomy\u015blano r\u00f3wnie\u017c o starszych graczach gdzie udost\u0119pniona b\u0119dzie opcja gry na kontrolerze jak od Nintendo 64. Warto obejrze\u0107 trailer poni\u017cej i samemu sprawdzi\u0107 co zmieniono w 30 letniej grze.<\/p>\n<div style=\"width: 640px;\" class=\"wp-video\"><video class=\"wp-video-shortcode\" id=\"video-7004-1\" width=\"640\" height=\"360\" preload=\"metadata\" controls=\"controls\"><source type=\"video\/mp4\" src=\"https:\/\/nintendo64.pl\/wp-content\/uploads\/TrailerStarFoxREMAKE.mp4?_=1\" \/><a href=\"https:\/\/nintendo64.pl\/wp-content\/uploads\/TrailerStarFoxREMAKE.mp4\">https:\/\/nintendo64.pl\/wp-content\/uploads\/TrailerStarFoxREMAKE.mp4<\/a><\/video><\/div>\n<p style=\"text-align: justify;\">Ja jestem zachwycony powrotem serii po 10 latach (ostatnia ods\u0142ona ukaza\u0142a si\u0119 na Wii U), ale w internecie znale\u017a\u0107 te\u017c mo\u017cna narzekania, \u017ce Nintendo znowu robi kolejny ju\u017c remake Star Fox 64 zamiast zrobi\u0107 ca\u0142kiem now\u0105 ods\u0142on\u0119. Faktycznie jak si\u0119 przyjrze\u0107 to by\u0142 remake na 3DS, wersja na Wii U, a teraz na Switch 2. I ka\u017cda ma t\u0105 sam\u0105 gr\u0119 tylko w nowej ods\u0142onie. Czemu wi\u0119c znowu wydaja t\u0105 sam\u0105 gr\u0119? Czemu nie Wave Race lub F-Zero X? Wydaje si\u0119, \u017ce remaster Star Fox 64 ma na celu wybadanie rynku. Jak si\u0119 nie uda tak jak z wersj\u0105 na Wii U to trudno. A jak dobrze si\u0119 sprzeda to zrobi\u0105 sequel. Bo nie ma co ukrywa\u0107, ale sam gameplay i w og\u00f3le gatunek strzelanek na szynach jest staromodny i ma\u0142o popularny. I z jednej strony trudno by\u0142oby co\u015b zmieni\u0107 w Star Fox 64, \u017ceby zainteresowa\u0107 graczy nieznaj\u0105cych orygina\u0142u, a w taki spos\u00f3b, \u017ceby nie utraci\u0107 idei pierwotnej gry.<\/p>\n<p style=\"text-align: justify;\">Ale czego w\u0142a\u015bciwie dzi\u015b oczekujemy od Star Foxa? Czy tego, \u017ce b\u0119dzie to klasyczna strzelanka na szynach? Od czasu pierwowzoru rynek uleg\u0142 ogromnej zmianie, a dzisiejsi gracze oczekuj\u0105 otwartych \u015bwiat\u00f3w, rozwoju postaci, du\u017cej skali, swobody eksploracji, system\u00f3w online i ble ble ble&#8230;&#8230;.. no w\u0142a\u015bnie, czy naprawd\u0119 tego oczekuj\u0105?! Uwa\u017cam, \u017ce jest te\u017c grupa graczy, kt\u00f3ra szuka tej prostoty i czystego gameplayu. Ale to si\u0119 oka\u017ce w dniu premiery. Ja tylko licz\u0119, \u017ce tw\u00f3rcy wykreuj\u0105 taki remaster gry Star Fox, \u017ceby by\u0142 jak najbardziej zbli\u017cony do orygina\u0142u sprzed 30 lat.<\/p>\n<p style=\"text-align: justify;\">&#8230;tak na marginesie, my\u015bl\u0119 sobie, \u017ce gdyby Nintendo mia\u0142o prawa do marki Perfect Dark, to jej ostatnio anulowany sequel m\u00f3g\u0142by by\u0107 w\u0142a\u015bnie zapowiadany. No co jest, prosta jak drut gra strzelanka na szynach dostaje wypasiony remake, a tak wspania\u0142a gra z wi\u0119ksz\u0105 baz\u0105 mi\u0142o\u015bnik\u00f3w, kt\u00f3rzy do dnia dzisiejszego tworz\u0105 wszelakie modyfikacje do niej, nie zas\u0142uguje??? Eh&#8230;<\/p>\n<p style=\"text-align: justify;\">Wracaj\u0105c do Star Fox 64, to poni\u017cej film prezentuj\u0105cy por\u00f3wnanie graficzne.<\/p>\n<div style=\"width: 640px;\" class=\"wp-video\"><video class=\"wp-video-shortcode\" id=\"video-7004-2\" width=\"640\" height=\"360\" preload=\"metadata\" controls=\"controls\"><source type=\"video\/mp4\" src=\"https:\/\/nintendo64.pl\/wp-content\/uploads\/N64vsNS2.mp4?_=2\" \/><a href=\"https:\/\/nintendo64.pl\/wp-content\/uploads\/N64vsNS2.mp4\">https:\/\/nintendo64.pl\/wp-content\/uploads\/N64vsNS2.mp4<\/a><\/video><\/div>\n<p style=\"text-align: justify;\">Remake gry Star Fox, mimo nowoczesnej oprawy, nadal opiera si\u0119 g\u0142\u00f3wnie na kr\u00f3tkich, zr\u0119czno\u015bciowych misjach i strzelance na szynach. I ta prostota i nawi\u0105zanie do klasyki sprawia, \u017ce ta gra wyr\u00f3\u017cnia si\u0119 w t\u0142umie. Pytanie tylko, czy wystarczy to, aby rozwija\u0107 seri\u0119? Nintendo wydaje si\u0119 doskonale rozumie\u0107 ten problem, dlatego remake wygl\u0105da momentami jak test rynku. Je\u015bli gra sprzeda si\u0119 dobrze, by\u0107 mo\u017ce dopiero wtedy firma zaryzykuje stworzenie zupe\u0142nie nowej ods\u0142ony. Ja jednak ju\u017c zacieram r\u0119ce na widok trailera. A do 25 czerwca mam czas \u017ceby ogra\u0107 starsze ods\u0142ony.<\/p>\n<p>&nbsp;<\/p>\n<p><strong>@ Valoo<\/strong><\/p>\n<p>&nbsp;<\/p>\n<hr \/>\n<p>Poni\u017cej zamie\u015bci\u0142em kilka zdj\u0119\u0107 b\u0119d\u0105cych zrzutami ekranu z trailera. Nie s\u0105 to oficjalne zdjecia, kt\u00f3re widniej\u0105 na du\u017cych portalach informacyjnych.<\/p>\n<p><img loading=\"lazy\" decoding=\"async\" class=\"aligncenter size-full wp-image-7034\" src=\"https:\/\/nintendo64.pl\/wp-content\/uploads\/StarFoxREMAKE_07.jpg\" alt=\"\" width=\"1173\" height=\"657\" srcset=\"https:\/\/nintendo64.pl\/wp-content\/uploads\/StarFoxREMAKE_07.jpg 1173w, https:\/\/nintendo64.pl\/wp-content\/uploads\/StarFoxREMAKE_07-300x168.jpg 300w, https:\/\/nintendo64.pl\/wp-content\/uploads\/StarFoxREMAKE_07-1024x574.jpg 1024w, https:\/\/nintendo64.pl\/wp-content\/uploads\/StarFoxREMAKE_07-150x84.jpg 150w, https:\/\/nintendo64.pl\/wp-content\/uploads\/StarFoxREMAKE_07-768x430.jpg 768w, https:\/\/nintendo64.pl\/wp-content\/uploads\/StarFoxREMAKE_07-660x370.jpg 660w\" sizes=\"auto, (max-width: 1173px) 100vw, 1173px\" \/><\/p>\n<p><img loading=\"lazy\" decoding=\"async\" class=\"aligncenter size-full wp-image-7035\" src=\"https:\/\/nintendo64.pl\/wp-content\/uploads\/StarFoxREMAKE_08.jpg\" alt=\"\" width=\"1176\" height=\"660\" srcset=\"https:\/\/nintendo64.pl\/wp-content\/uploads\/StarFoxREMAKE_08.jpg 1176w, https:\/\/nintendo64.pl\/wp-content\/uploads\/StarFoxREMAKE_08-300x168.jpg 300w, https:\/\/nintendo64.pl\/wp-content\/uploads\/StarFoxREMAKE_08-1024x575.jpg 1024w, https:\/\/nintendo64.pl\/wp-content\/uploads\/StarFoxREMAKE_08-150x84.jpg 150w, https:\/\/nintendo64.pl\/wp-content\/uploads\/StarFoxREMAKE_08-768x431.jpg 768w, https:\/\/nintendo64.pl\/wp-content\/uploads\/StarFoxREMAKE_08-660x370.jpg 660w\" sizes=\"auto, (max-width: 1176px) 100vw, 1176px\" \/><\/p>\n<p><img loading=\"lazy\" decoding=\"async\" class=\"aligncenter size-full wp-image-7036\" src=\"https:\/\/nintendo64.pl\/wp-content\/uploads\/StarFoxREMAKE_09.jpg\" alt=\"\" width=\"1169\" height=\"651\" srcset=\"https:\/\/nintendo64.pl\/wp-content\/uploads\/StarFoxREMAKE_09.jpg 1169w, https:\/\/nintendo64.pl\/wp-content\/uploads\/StarFoxREMAKE_09-300x167.jpg 300w, https:\/\/nintendo64.pl\/wp-content\/uploads\/StarFoxREMAKE_09-1024x570.jpg 1024w, https:\/\/nintendo64.pl\/wp-content\/uploads\/StarFoxREMAKE_09-150x84.jpg 150w, https:\/\/nintendo64.pl\/wp-content\/uploads\/StarFoxREMAKE_09-768x428.jpg 768w, https:\/\/nintendo64.pl\/wp-content\/uploads\/StarFoxREMAKE_09-660x368.jpg 660w\" sizes=\"auto, (max-width: 1169px) 100vw, 1169px\" \/><\/p>\n<p><img loading=\"lazy\" decoding=\"async\" class=\"aligncenter size-full wp-image-7037\" src=\"https:\/\/nintendo64.pl\/wp-content\/uploads\/StarFoxREMAKE_10.jpg\" alt=\"\" width=\"1183\" height=\"658\" srcset=\"https:\/\/nintendo64.pl\/wp-content\/uploads\/StarFoxREMAKE_10.jpg 1183w, https:\/\/nintendo64.pl\/wp-content\/uploads\/StarFoxREMAKE_10-300x167.jpg 300w, https:\/\/nintendo64.pl\/wp-content\/uploads\/StarFoxREMAKE_10-1024x570.jpg 1024w, https:\/\/nintendo64.pl\/wp-content\/uploads\/StarFoxREMAKE_10-150x83.jpg 150w, https:\/\/nintendo64.pl\/wp-content\/uploads\/StarFoxREMAKE_10-768x427.jpg 768w, https:\/\/nintendo64.pl\/wp-content\/uploads\/StarFoxREMAKE_10-660x367.jpg 660w\" sizes=\"auto, (max-width: 1183px) 100vw, 1183px\" \/><\/p>\n<p><img loading=\"lazy\" decoding=\"async\" class=\"aligncenter size-full wp-image-7028\" src=\"https:\/\/nintendo64.pl\/wp-content\/uploads\/StarFoxREMAKE_01.jpg\" alt=\"\" width=\"1156\" height=\"646\" srcset=\"https:\/\/nintendo64.pl\/wp-content\/uploads\/StarFoxREMAKE_01.jpg 1156w, https:\/\/nintendo64.pl\/wp-content\/uploads\/StarFoxREMAKE_01-300x168.jpg 300w, https:\/\/nintendo64.pl\/wp-content\/uploads\/StarFoxREMAKE_01-1024x572.jpg 1024w, https:\/\/nintendo64.pl\/wp-content\/uploads\/StarFoxREMAKE_01-150x84.jpg 150w, https:\/\/nintendo64.pl\/wp-content\/uploads\/StarFoxREMAKE_01-768x429.jpg 768w, https:\/\/nintendo64.pl\/wp-content\/uploads\/StarFoxREMAKE_01-660x369.jpg 660w\" sizes=\"auto, (max-width: 1156px) 100vw, 1156px\" \/><\/p>\n<p><img loading=\"lazy\" decoding=\"async\" class=\"aligncenter size-full wp-image-7033\" src=\"https:\/\/nintendo64.pl\/wp-content\/uploads\/StarFoxREMAKE_06.jpg\" alt=\"\" width=\"1155\" height=\"646\" srcset=\"https:\/\/nintendo64.pl\/wp-content\/uploads\/StarFoxREMAKE_06.jpg 1155w, https:\/\/nintendo64.pl\/wp-content\/uploads\/StarFoxREMAKE_06-300x168.jpg 300w, https:\/\/nintendo64.pl\/wp-content\/uploads\/StarFoxREMAKE_06-1024x573.jpg 1024w, https:\/\/nintendo64.pl\/wp-content\/uploads\/StarFoxREMAKE_06-150x84.jpg 150w, https:\/\/nintendo64.pl\/wp-content\/uploads\/StarFoxREMAKE_06-768x430.jpg 768w, https:\/\/nintendo64.pl\/wp-content\/uploads\/StarFoxREMAKE_06-660x369.jpg 660w\" sizes=\"auto, (max-width: 1155px) 100vw, 1155px\" \/><\/p>\n<p><img loading=\"lazy\" decoding=\"async\" class=\"aligncenter size-full wp-image-7029\" src=\"https:\/\/nintendo64.pl\/wp-content\/uploads\/StarFoxREMAKE_02.jpg\" alt=\"\" width=\"1147\" height=\"647\" srcset=\"https:\/\/nintendo64.pl\/wp-content\/uploads\/StarFoxREMAKE_02.jpg 1147w, https:\/\/nintendo64.pl\/wp-content\/uploads\/StarFoxREMAKE_02-300x169.jpg 300w, https:\/\/nintendo64.pl\/wp-content\/uploads\/StarFoxREMAKE_02-1024x578.jpg 1024w, https:\/\/nintendo64.pl\/wp-content\/uploads\/StarFoxREMAKE_02-150x85.jpg 150w, https:\/\/nintendo64.pl\/wp-content\/uploads\/StarFoxREMAKE_02-768x433.jpg 768w, https:\/\/nintendo64.pl\/wp-content\/uploads\/StarFoxREMAKE_02-660x372.jpg 660w\" sizes=\"auto, (max-width: 1147px) 100vw, 1147px\" \/><\/p>\n<p><img loading=\"lazy\" decoding=\"async\" class=\"aligncenter size-full wp-image-7030\" src=\"https:\/\/nintendo64.pl\/wp-content\/uploads\/StarFoxREMAKE_03.jpg\" alt=\"\" width=\"1144\" height=\"646\" srcset=\"https:\/\/nintendo64.pl\/wp-content\/uploads\/StarFoxREMAKE_03.jpg 1144w, https:\/\/nintendo64.pl\/wp-content\/uploads\/StarFoxREMAKE_03-300x169.jpg 300w, https:\/\/nintendo64.pl\/wp-content\/uploads\/StarFoxREMAKE_03-1024x578.jpg 1024w, https:\/\/nintendo64.pl\/wp-content\/uploads\/StarFoxREMAKE_03-150x85.jpg 150w, https:\/\/nintendo64.pl\/wp-content\/uploads\/StarFoxREMAKE_03-768x434.jpg 768w, https:\/\/nintendo64.pl\/wp-content\/uploads\/StarFoxREMAKE_03-660x373.jpg 660w\" sizes=\"auto, (max-width: 1144px) 100vw, 1144px\" \/><\/p>\n<p><img loading=\"lazy\" decoding=\"async\" class=\"aligncenter size-full wp-image-7031\" src=\"https:\/\/nintendo64.pl\/wp-content\/uploads\/StarFoxREMAKE_04.jpg\" alt=\"\" width=\"1148\" height=\"635\" srcset=\"https:\/\/nintendo64.pl\/wp-content\/uploads\/StarFoxREMAKE_04.jpg 1148w, https:\/\/nintendo64.pl\/wp-content\/uploads\/StarFoxREMAKE_04-300x166.jpg 300w, https:\/\/nintendo64.pl\/wp-content\/uploads\/StarFoxREMAKE_04-1024x566.jpg 1024w, https:\/\/nintendo64.pl\/wp-content\/uploads\/StarFoxREMAKE_04-150x83.jpg 150w, https:\/\/nintendo64.pl\/wp-content\/uploads\/StarFoxREMAKE_04-768x425.jpg 768w, https:\/\/nintendo64.pl\/wp-content\/uploads\/StarFoxREMAKE_04-660x365.jpg 660w\" sizes=\"auto, (max-width: 1148px) 100vw, 1148px\" \/><\/p>\n<p><img loading=\"lazy\" decoding=\"async\" class=\"aligncenter size-full wp-image-7032\" src=\"https:\/\/nintendo64.pl\/wp-content\/uploads\/StarFoxREMAKE_05.jpg\" alt=\"\" width=\"838\" height=\"476\" srcset=\"https:\/\/nintendo64.pl\/wp-content\/uploads\/StarFoxREMAKE_05.jpg 838w, https:\/\/nintendo64.pl\/wp-content\/uploads\/StarFoxREMAKE_05-300x170.jpg 300w, https:\/\/nintendo64.pl\/wp-content\/uploads\/StarFoxREMAKE_05-150x85.jpg 150w, https:\/\/nintendo64.pl\/wp-content\/uploads\/StarFoxREMAKE_05-768x436.jpg 768w, https:\/\/nintendo64.pl\/wp-content\/uploads\/StarFoxREMAKE_05-660x375.jpg 660w\" sizes=\"auto, (max-width: 838px) 100vw, 838px\" \/><\/p>\n<p>&nbsp;<\/p>\n<hr \/>\n<p><span style=\"color: #ff6600;\"><strong>\u0179r\u00f3d\u0142o:<\/strong><\/span><\/p>\n<p>[1] gamereactor.pl\/remake-star-fox-64-ukaze-sie-na-nintendo-switch-2-25-czerwca-a-oprawa-wizualna-jest-szalona-1269853\/<\/p>\n<p>[2] youtube.com\/watch?v=Vh4FtjCck8Y<\/p>\n<p>[3] youtube.com\/watch?v=3GP78CccRp0<\/p>\n<hr \/>\n<p>&nbsp;<\/p>\n","protected":false},"excerpt":{"rendered":"<p>16.05.2026. W ostatnim czasie Nintendo lubi wraca\u0107 do swoich zapomnianych ju\u017c serii gier. I mimo, \u017ce nadal mi\u0142o\u015bnicy takich tytu\u0142\u00f3w jak Wave Race i F-Zero X czekaj\u0105 na kontynuacj\u0119, to do \u0142ask powraca Star Fox. A dok\u0142adnie Star Fox 64, znany w Europie jako Lylat Wars, kt\u00f3ry ju\u017c niebawem otrzyma pe\u0142noprawny remake. Data premiery zapowiedziana\u2026 <span class=\"read-more\"><a href=\"https:\/\/nintendo64.pl\/index.php\/remake-star-fox-64-zapowiedz\/\">Czytaj dalej &raquo;<\/a><\/span><\/p>\n","protected":false},"author":1,"featured_media":0,"parent":0,"menu_order":0,"comment_status":"open","ping_status":"closed","template":"","meta":{"footnotes":""},"class_list":["post-7004","page","type-page","status-publish","hentry"],"_links":{"self":[{"href":"https:\/\/nintendo64.pl\/index.php\/wp-json\/wp\/v2\/pages\/7004","targetHints":{"allow":["GET"]}}],"collection":[{"href":"https:\/\/nintendo64.pl\/index.php\/wp-json\/wp\/v2\/pages"}],"about":[{"href":"https:\/\/nintendo64.pl\/index.php\/wp-json\/wp\/v2\/types\/page"}],"author":[{"embeddable":true,"href":"https:\/\/nintendo64.pl\/index.php\/wp-json\/wp\/v2\/users\/1"}],"replies":[{"embeddable":true,"href":"https:\/\/nintendo64.pl\/index.php\/wp-json\/wp\/v2\/comments?post=7004"}],"version-history":[{"count":21,"href":"https:\/\/nintendo64.pl\/index.php\/wp-json\/wp\/v2\/pages\/7004\/revisions"}],"predecessor-version":[{"id":7053,"href":"https:\/\/nintendo64.pl\/index.php\/wp-json\/wp\/v2\/pages\/7004\/revisions\/7053"}],"wp:attachment":[{"href":"https:\/\/nintendo64.pl\/index.php\/wp-json\/wp\/v2\/media?parent=7004"}],"curies":[{"name":"wp","href":"https:\/\/api.w.org\/{rel}","templated":true}]}}