{"id":6579,"date":"2026-03-05T22:23:07","date_gmt":"2026-03-05T21:23:07","guid":{"rendered":"https:\/\/nintendo64.pl\/?page_id=6579"},"modified":"2026-03-05T23:52:57","modified_gmt":"2026-03-05T22:52:57","slug":"cathode-quest-64-n64-gamejam-2025","status":"publish","type":"page","link":"https:\/\/nintendo64.pl\/index.php\/cathode-quest-64-n64-gamejam-2025\/","title":{"rendered":"Cathode Quest 64 [N64 GameJam 2025]"},"content":{"rendered":"<p><span style=\"color: #ff6600;\"><strong>05.03.2026.<\/strong><\/span><\/p>\n<hr \/>\n<p style=\"text-align: justify;\"><img loading=\"lazy\" decoding=\"async\" class=\"alignleft size-full wp-image-6580\" src=\"https:\/\/nintendo64.pl\/wp-content\/uploads\/200-56.jpg\" alt=\"\" width=\"202\" height=\"202\" srcset=\"https:\/\/nintendo64.pl\/wp-content\/uploads\/200-56.jpg 202w, https:\/\/nintendo64.pl\/wp-content\/uploads\/200-56-150x150.jpg 150w\" sizes=\"auto, (max-width: 202px) 100vw, 202px\" \/>Scena homebrew na Nintendo 64 rozrasta si\u0119 i powstaj\u0105 coraz to nowsze i lepsze produkcje. Lepsze nie tylko od tych dotychczasowych projekt\u00f3w homebrew ale i lepsze od gier pierwotnie wydawanych na Nintendo 64. To niesamowite jaki dokona\u0142 si\u0119 post\u0119p. A najlepszym tego przyk\u0142adem jest ma\u0142a gra o nazwie Cathode Quest.<\/p>\n<p style=\"text-align: justify;\"><strong>Cathode Quest to najnowsza gra homebrew zaprojektowana na N64Brew Game Jam 2025<\/strong>, gdzie tegoroczny temat to: &#8222;Repair&#8221;.\u00a0 Ten kr\u00f3tki tytu\u0142 zosta\u0142 stworzony przez HailToDodongo przy u\u017cyciu nowego silnika Pyrite64, o kt\u00f3rym ostatnio <span style=\"color: #ff6600;\"><strong><a style=\"color: #ff6600;\" href=\"https:\/\/nintendo64.pl\/index.php\/pyrite64-rewolucja-w-swiecie-homebrew-na-nintendo-64\/\" target=\"_blank\" rel=\"noopener\">pisa\u0142em<\/a><\/strong><\/span>. Jest to prosty platformer w 3D, gdzie wcielamy si\u0119 w role chodz\u0105cego starego telewizora CRT, a naszym zadaniem jest naprawianie. W przedstawionym demo gry skaczemy i zbieramy z\u0142ote nakr\u0119tki (chyba, tak dla mnie to wygl\u0105da). A po zebraniu ich odpowiedniej ilo\u015bci mo\u017cemy odblokowa\u0107 przej\u015bcie do kolejnego etapu. Demo ma 3 kr\u00f3tkie levele i skupia si\u0119 na eksploracji, skakaniu i zbieraniu. I jest zupe\u0142nie pozbawione wrog\u00f3w. Ca\u0142o\u015b\u0107 wydaje si\u0119 do\u015b\u0107 typowa i prosta, ale najwi\u0119kszym zaskoczeniem i atutem tej gry jest samo sterowanie. Proste, p\u0142ynne i intuicyjny. Dobrze zbalansowane. A do tego kilka uj\u0119\u0107 kamery w tym jedno z samej g\u00f3ry.<\/p>\n<p style=\"text-align: justify;\">Nasza posta\u0107 co chwila wchodzi na obracaj\u0105ce si\u0119 wok\u00f3\u0142 swojej osi przer\u00f3\u017cne platformy, albo balansuj\u0105ce na kraw\u0119dzi r\u00f3wnowagi mosty. A sterowanie i poczucie fizyki zbli\u017cone jest do tego z Super Mario Galaxy. Sprawdza si\u0119 to niesamowicie!<\/p>\n<p><img loading=\"lazy\" decoding=\"async\" class=\"aligncenter size-full wp-image-6582\" src=\"https:\/\/nintendo64.pl\/wp-content\/uploads\/CathodeQuest64_02.jpg\" alt=\"\" width=\"1002\" height=\"591\" srcset=\"https:\/\/nintendo64.pl\/wp-content\/uploads\/CathodeQuest64_02.jpg 1002w, https:\/\/nintendo64.pl\/wp-content\/uploads\/CathodeQuest64_02-300x177.jpg 300w, https:\/\/nintendo64.pl\/wp-content\/uploads\/CathodeQuest64_02-150x88.jpg 150w, https:\/\/nintendo64.pl\/wp-content\/uploads\/CathodeQuest64_02-768x453.jpg 768w, https:\/\/nintendo64.pl\/wp-content\/uploads\/CathodeQuest64_02-660x389.jpg 660w\" sizes=\"auto, (max-width: 1002px) 100vw, 1002px\" \/><\/p>\n<p><img loading=\"lazy\" decoding=\"async\" class=\"aligncenter size-full wp-image-6581\" src=\"https:\/\/nintendo64.pl\/wp-content\/uploads\/CathodeQuest64_01.jpg\" alt=\"\" width=\"1002\" height=\"590\" srcset=\"https:\/\/nintendo64.pl\/wp-content\/uploads\/CathodeQuest64_01.jpg 1002w, https:\/\/nintendo64.pl\/wp-content\/uploads\/CathodeQuest64_01-300x177.jpg 300w, https:\/\/nintendo64.pl\/wp-content\/uploads\/CathodeQuest64_01-150x88.jpg 150w, https:\/\/nintendo64.pl\/wp-content\/uploads\/CathodeQuest64_01-768x452.jpg 768w, https:\/\/nintendo64.pl\/wp-content\/uploads\/CathodeQuest64_01-660x389.jpg 660w\" sizes=\"auto, (max-width: 1002px) 100vw, 1002px\" \/><\/p>\n<p><img loading=\"lazy\" decoding=\"async\" class=\"aligncenter size-full wp-image-6583\" src=\"https:\/\/nintendo64.pl\/wp-content\/uploads\/CathodeQuest64_03.jpg\" alt=\"\" width=\"1002\" height=\"589\" srcset=\"https:\/\/nintendo64.pl\/wp-content\/uploads\/CathodeQuest64_03.jpg 1002w, https:\/\/nintendo64.pl\/wp-content\/uploads\/CathodeQuest64_03-300x176.jpg 300w, https:\/\/nintendo64.pl\/wp-content\/uploads\/CathodeQuest64_03-150x88.jpg 150w, https:\/\/nintendo64.pl\/wp-content\/uploads\/CathodeQuest64_03-768x451.jpg 768w, https:\/\/nintendo64.pl\/wp-content\/uploads\/CathodeQuest64_03-660x388.jpg 660w\" sizes=\"auto, (max-width: 1002px) 100vw, 1002px\" \/><\/p>\n<p style=\"text-align: justify;\">Cathode Quest pod wzgl\u0119dem jako\u015bci dor\u00f3wnuje komercyjnym tytu\u0142om z tej konsoli. Ju\u017c pocz\u0105tek daje uczucie, \u017ce wszystko jest przemy\u015blane. Klikni\u0119cia w menu. Dymki z tekstem. Tekstury. Cienie. Animacja. Wszystko jest niby nie rzucaj\u0105ce si\u0119 w oczy, ale dobrze dobrane i przemy\u015blane. A przy tym demo pokazuje jak wielki potencja\u0142 kryje w sobie Pyrite64. My\u015bl\u0119, \u017ce niebawem mo\u017cemy spodziewa\u0107 si\u0119 wi\u0119kszych gier stworzonych przy u\u017cyciu Pyrite64.<\/p>\n<p><strong>@ Valoo<\/strong><\/p>\n<p>&nbsp;<\/p>\n<hr \/>\n<p><span style=\"color: #ff6600;\"><strong>Notka techniczna<\/strong><\/span><br \/>\nData publikacji wpisu: 05.03.2026.<br \/>\nGra uruchamiana jest na emulatorze oraz na oryginalnej konsoli.<br \/>\nZdj\u0119cia pochodz\u0105 z rozgrywki na oryginalnej konsoli.<br \/>\nPlik z gr\u0105 do pobrania <span style=\"color: #ff6600;\"><strong><a style=\"color: #ff6600;\" href=\"https:\/\/nintendo64.pl\/wp-content\/uploads\/Cathode-Quest-64.zip\" target=\"_blank\" rel=\"noopener\">Cathode Quest.zip<\/a><\/strong><\/span><\/p>\n","protected":false},"excerpt":{"rendered":"<p>05.03.2026. Scena homebrew na Nintendo 64 rozrasta si\u0119 i powstaj\u0105 coraz to nowsze i lepsze produkcje. Lepsze nie tylko od tych dotychczasowych projekt\u00f3w homebrew ale i lepsze od gier pierwotnie wydawanych na Nintendo 64. To niesamowite jaki dokona\u0142 si\u0119 post\u0119p. A najlepszym tego przyk\u0142adem jest ma\u0142a gra o nazwie Cathode Quest. Cathode Quest to najnowsza\u2026 <span class=\"read-more\"><a href=\"https:\/\/nintendo64.pl\/index.php\/cathode-quest-64-n64-gamejam-2025\/\">Czytaj dalej &raquo;<\/a><\/span><\/p>\n","protected":false},"author":1,"featured_media":0,"parent":0,"menu_order":0,"comment_status":"open","ping_status":"closed","template":"","meta":{"footnotes":""},"class_list":["post-6579","page","type-page","status-publish","hentry"],"_links":{"self":[{"href":"https:\/\/nintendo64.pl\/index.php\/wp-json\/wp\/v2\/pages\/6579","targetHints":{"allow":["GET"]}}],"collection":[{"href":"https:\/\/nintendo64.pl\/index.php\/wp-json\/wp\/v2\/pages"}],"about":[{"href":"https:\/\/nintendo64.pl\/index.php\/wp-json\/wp\/v2\/types\/page"}],"author":[{"embeddable":true,"href":"https:\/\/nintendo64.pl\/index.php\/wp-json\/wp\/v2\/users\/1"}],"replies":[{"embeddable":true,"href":"https:\/\/nintendo64.pl\/index.php\/wp-json\/wp\/v2\/comments?post=6579"}],"version-history":[{"count":10,"href":"https:\/\/nintendo64.pl\/index.php\/wp-json\/wp\/v2\/pages\/6579\/revisions"}],"predecessor-version":[{"id":6594,"href":"https:\/\/nintendo64.pl\/index.php\/wp-json\/wp\/v2\/pages\/6579\/revisions\/6594"}],"wp:attachment":[{"href":"https:\/\/nintendo64.pl\/index.php\/wp-json\/wp\/v2\/media?parent=6579"}],"curies":[{"name":"wp","href":"https:\/\/api.w.org\/{rel}","templated":true}]}}