{"id":6134,"date":"2026-01-07T23:19:58","date_gmt":"2026-01-07T22:19:58","guid":{"rendered":"https:\/\/nintendo64.pl\/?page_id=6134"},"modified":"2026-01-11T00:00:19","modified_gmt":"2026-01-10T23:00:19","slug":"banjo-kazooie-mumbomania","status":"publish","type":"page","link":"https:\/\/nintendo64.pl\/index.php\/banjo-kazooie-mumbomania\/","title":{"rendered":"Banjo-Kazooie: Mumbomania"},"content":{"rendered":"<p><span style=\"color: #ff6600;\"><strong>07.01.2026.<\/strong><\/span><\/p>\n<hr \/>\n<p><img loading=\"lazy\" decoding=\"async\" class=\"alignleft wp-image-6236 size-full\" src=\"https:\/\/nintendo64.pl\/wp-content\/uploads\/200v2.jpeg\" alt=\"\" width=\"202\" height=\"202\" srcset=\"https:\/\/nintendo64.pl\/wp-content\/uploads\/200v2.jpeg 202w, https:\/\/nintendo64.pl\/wp-content\/uploads\/200v2-150x150.jpeg 150w\" sizes=\"auto, (max-width: 202px) 100vw, 202px\" \/><\/p>\n<p style=\"text-align: justify;\">Marka Banjo-Kazooie jest typowym przyk\u0142adem tego jak \u015bwietny pomys\u0142 i wykonanie, a tak\u017ce bardzo liczna grupa fan\u00f3w, zosta\u0142y porzucone w przebiegu r\u00f3\u017cnych zawirowa\u0144 w przesz\u0142o\u015bci. I chyba ka\u017cdy boi si\u0119 wr\u00f3ci\u0107 do tego tematu w obawie o niespe\u0142nione i wyolbrzymione oczekiwania wzgl\u0119dem kontynuacji.<\/p>\n<p style=\"text-align: justify;\">Jednak liczne pe\u0142noprawne modyfikacje (mody\/hacki) pokazuj\u0105, \u017ce ta gra nadal jest \u017cywa i ma wiernych mi\u0142o\u015bnik\u00f3w. A ostatnio za spraw\u0105 <span style=\"color: #ff6600;\"><strong>Banjo-Kazooie: Mumbomania<\/strong><\/span> wr\u00f3ci\u0142a na nag\u0142\u00f3wki serwis\u00f3w informacyjnych.<\/p>\n<p style=\"text-align: justify;\">Mo\u017ce i sukces fanowskiej tw\u00f3rczo\u015bci le\u017cy w tym, \u017ce stworzenie nieoficjalnej gry po kt\u00f3rej nikt nie oczekuje rewolucji, a raczej tego samego co w oryginale tylko na nowo, ma mniejsz\u0105 presj\u0119. Mniejsze ryzyko finansowe i nikt niczym nie ryzykuje. Mo\u017ce tak w\u0142a\u015bnie jest z Banjo-Kazooie: Mumbomania&#8230;?<\/p>\n<p style=\"text-align: justify;\">Niemniej powy\u017cszy przyk\u0142ad pokazuje, \u017ce fani potrafi\u0105 by\u0107 kreatywni i stworzy\u0107 co\u015b znacznie lepszego ni\u017c to czego boj\u0105 si\u0119 wielcy wydawcy. I mo\u017ce s\u0142usznie, bo patrz\u0105c po przyk\u0142adzie Yooka-Laylee, kt\u00f3re to mia\u0142o by\u0107 duchowym nast\u0119pc\u0105 Banjo-Kazooie, to gra od studia Playtonic co najwy\u017cej sta\u0142a obok weso\u0142ego duetu od Rare i przygl\u0105da\u0142a si\u0119 jak si\u0119 to robi!<\/p>\n<div style=\"width: 640px;\" class=\"wp-video\"><video class=\"wp-video-shortcode\" id=\"video-6134-1\" width=\"640\" height=\"360\" preload=\"metadata\" controls=\"controls\"><source type=\"video\/mp4\" src=\"https:\/\/nintendo64.pl\/wp-content\/uploads\/BanjoKazooieMumbomania.mp4?_=1\" \/><a href=\"https:\/\/nintendo64.pl\/wp-content\/uploads\/BanjoKazooieMumbomania.mp4\">https:\/\/nintendo64.pl\/wp-content\/uploads\/BanjoKazooieMumbomania.mp4<\/a><\/video><\/div>\n<p style=\"text-align: justify;\"><span style=\"color: #ff6600;\"><strong>A czym faktycznie jest Banjo-Kazooie: Mumbomania?<\/strong><\/span> To co trzeba na pocz\u0105tku podkre\u015bli, to \u017ce jest to fanowska gra stworzona przez jedn\u0105 osob\u0119. Nie jest to absolutnie oficjalna kontynuacja (a wygl\u0105da jakby ni\u0105 by\u0142a&#8230;!). Zrealizowano j\u0105 w ramach narz\u0119dzia Dreams, gry do tworzenia gier, dost\u0119pnej na konsolach PlayStation 4 i PlayStation 5. Projekt prowadzi autor znany jako <span style=\"color: #ff6600;\"><strong>William &#8222;Eupholace&#8221; Butkevicius<\/strong><\/span>, kt\u00f3ry po\u015bwi\u0119ci\u0142 na jego stworzenie 14 miesi\u0119cy i ponad 800 godzin pracy.<\/p>\n<p style=\"text-align: justify;\">W grze Mumbomania dost\u0119pny jest jeden du\u017cy poziom przypominaj\u0105cy Treasure Trove Cove, czyli drugi poziom z gry Banjo-Kazooie. Podobie\u0144stw do orygina\u0142u jest sporo. Wizualnie to mo\u017ce nie do ko\u0144ca styl Banjo-Kazooie, ale ca\u0142o\u015b\u0107 jest bardzo sp\u00f3jna i mi\u0142a dla oka. Jest kolorowo, w tle gra przyjemna muzyczka. Sama posta\u0107 Banjo porusza si\u0119 bardzo zgrabnie i wida\u0107, \u017ce jak na typowy platformer to autor po\u0142o\u017cy\u0142 du\u017cy nacisk na zaprogramowanie dobrego sterowania. Ponadto nasz duet posiada kilka nowych ruch\u00f3w.<\/p>\n<p><img loading=\"lazy\" decoding=\"async\" class=\"aligncenter size-full wp-image-4400\" src=\"https:\/\/nintendo64.pl\/wp-content\/uploads\/20241126_012254263.jpeg\" alt=\"\" width=\"1080\" height=\"749\" srcset=\"https:\/\/nintendo64.pl\/wp-content\/uploads\/20241126_012254263.jpeg 1080w, https:\/\/nintendo64.pl\/wp-content\/uploads\/20241126_012254263-300x208.jpeg 300w, https:\/\/nintendo64.pl\/wp-content\/uploads\/20241126_012254263-1024x710.jpeg 1024w, https:\/\/nintendo64.pl\/wp-content\/uploads\/20241126_012254263-150x104.jpeg 150w, https:\/\/nintendo64.pl\/wp-content\/uploads\/20241126_012254263-768x533.jpeg 768w, https:\/\/nintendo64.pl\/wp-content\/uploads\/20241126_012254263-660x458.jpeg 660w, https:\/\/nintendo64.pl\/wp-content\/uploads\/20241126_012254263-200x140.jpeg 200w\" sizes=\"auto, (max-width: 1080px) 100vw, 1080px\" \/><\/p>\n<p style=\"text-align: justify;\">Autor jednak nie ograniczy\u0142 si\u0119 tylko do odtworzenia w\u0142asnej wizji tej gry. Szybko si\u0119 zorientujemy, \u017ce w Mumbomanii g\u0142\u00f3wny ci\u0119\u017car gameplayu spoczywa na transformacjach. Tak, tych kt\u00f3re tak bardzo charakteryzowa\u0142y gr\u0119 w oryginale. Teraz jednak mo\u017cemy zmienia\u0107 posta\u0107 w dowolnym momencie, oczywi\u015bcie po zdobyciu takiej umiej\u0119tno\u015bci wcze\u015bniej. Oryginalnie musieli\u015bmy mozolnie wraca\u0107 si\u0119 przez p\u00f3\u0142 planszy do szamana Mumbo, kt\u00f3ry zamienia\u0142 nas w jedn\u0105 konkretn\u0105 w danym etapie posta\u0107. Teraz za\u015b robimy to w biegu, a z czasem zdobywamy mo\u017cliwo\u015b\u0107 zamiany w kilka postaci.<\/p>\n<p style=\"text-align: justify;\">To co\u015b co przywodzi mi na my\u015bl Majora&#8217;s Mask. Element ten jest znacznie bardziej eksploatowany ni\u017c w grze z 1998 roku. \u015awietny pomys\u0142, kt\u00f3ry wnosi bardzo du\u017cy powiew \u015bwie\u017co\u015bci do tej gry. Pami\u0119tam \u017ce w Tooie ju\u017c sporo wi\u0119cej pojawia\u0142o si\u0119 tych transformacji. A tutaj dzi\u0119ki temu, \u017ce robimy to w locie nie spowalnia to rozgrywki. <span style=\"color: #ff6600;\"><strong>Mumbomania wprowadza rozbudowan\u0105 mechanik\u0119 transformacji, w kt\u00f3rej czary Mumbo staj\u0105 si\u0119 kluczowym elementem.<\/strong><\/span> Ka\u017cda przemiana jest pomys\u0142owa i co najwa\u017cniejsze sensownie zaprojektowana pod konkretne poziomy. A skoro mowa\u00a0 o poziomach&#8230;..<\/p>\n<p><img loading=\"lazy\" decoding=\"async\" class=\"aligncenter size-full wp-image-4399\" src=\"https:\/\/nintendo64.pl\/wp-content\/uploads\/20241126_012309661.jpeg\" alt=\"\" width=\"1080\" height=\"729\" srcset=\"https:\/\/nintendo64.pl\/wp-content\/uploads\/20241126_012309661.jpeg 1080w, https:\/\/nintendo64.pl\/wp-content\/uploads\/20241126_012309661-300x203.jpeg 300w, https:\/\/nintendo64.pl\/wp-content\/uploads\/20241126_012309661-1024x691.jpeg 1024w, https:\/\/nintendo64.pl\/wp-content\/uploads\/20241126_012309661-150x101.jpeg 150w, https:\/\/nintendo64.pl\/wp-content\/uploads\/20241126_012309661-768x518.jpeg 768w, https:\/\/nintendo64.pl\/wp-content\/uploads\/20241126_012309661-660x446.jpeg 660w\" sizes=\"auto, (max-width: 1080px) 100vw, 1080px\" \/><\/p>\n<p style=\"text-align: justify;\">\u015awiaty s\u0105 kolorowe, pe\u0142ne sekret\u00f3w i a\u017c kipi\u0105 od charakterystycznego humoru Rare z najlepszych lat. Dialogi nadal mrucz\u0105 tym\u00a0 be\u0142kotem. Sterowanie jest precyzyjne, kamera dobrze pracuje, a poziomy zaprojektowano tak, by zach\u0119ca\u0107 do eksploracji, a nie frustrowa\u0107. Zbieranie puzzli i nutek sprawia rado\u015b\u0107, a wyzwania s\u0105 zr\u00f3\u017cnicowane, zaczynaj\u0105c od prostych zr\u0119czno\u015bciowych, po logiczne zagadki oparte na czarach Mumbo. S\u0105 nawi\u0105zania do Gruntildy, Bottlesa i dawnych lokacji, ale wszystko podane z wyczuciem.<\/p>\n<p style=\"text-align: justify;\">Wed\u0142ug tw\u00f3rcy gra zajmuje oko\u0142o 30 minut do 2 godzin. Co jest dobrym wynikiem jak na jeden poziom. W oryginale by\u0142o ich 9, wi\u0119c jak nietrudno oszacowa\u0107, pe\u0142na gra oscylowa\u0142aby w okolicy 10-15 godzin, co daje dobry rezultat.<\/p>\n<p><img loading=\"lazy\" decoding=\"async\" class=\"aligncenter size-full wp-image-4395\" src=\"https:\/\/nintendo64.pl\/wp-content\/uploads\/20241126_012351425.jpeg\" alt=\"\" width=\"1080\" height=\"736\" srcset=\"https:\/\/nintendo64.pl\/wp-content\/uploads\/20241126_012351425.jpeg 1080w, https:\/\/nintendo64.pl\/wp-content\/uploads\/20241126_012351425-300x204.jpeg 300w, https:\/\/nintendo64.pl\/wp-content\/uploads\/20241126_012351425-1024x698.jpeg 1024w, https:\/\/nintendo64.pl\/wp-content\/uploads\/20241126_012351425-150x102.jpeg 150w, https:\/\/nintendo64.pl\/wp-content\/uploads\/20241126_012351425-768x523.jpeg 768w, https:\/\/nintendo64.pl\/wp-content\/uploads\/20241126_012351425-660x450.jpeg 660w\" sizes=\"auto, (max-width: 1080px) 100vw, 1080px\" \/><\/p>\n<p style=\"text-align: justify;\">Banjo-Kazooie: Mumbomania to dow\u00f3d na to, \u017ce ta seria wci\u0105\u017c ma ogromny potencja\u0142. To gra zrobiona z sercem, pasj\u0105 i mi\u0142o\u015bci\u0105 do orygina\u0142u. Dla fan\u00f3w pozycja obowi\u0105zkowa.<\/p>\n<p><strong>@ Valoo<\/strong><\/p>\n<p>&nbsp;<\/p>\n<hr \/>\n<p style=\"text-align: justify;\"><strong><span style=\"color: #ff6600;\">Komentarz:<\/span><\/strong> ca\u0142o\u015b\u0107 ocenia\u0142em tylko na podstawie filmu na YT. Nie posiadam PS4 ani PS5, \u017ceby sprawdzi\u0107 jak to wygl\u0105da w praktyce. Ale czytaj\u0105c komentarze w internecie, to projekt zbiera bardzo pozytywne opinie. Wi\u0119c je\u017celi, ja Was nie przekona\u0142em, to mo\u017ce inni w internecie Was przekonaj\u0105, \u017ceby chocia\u017c spr\u00f3bowa\u0107, je\u017celi macie oczywi\u015bcie PS4.<\/p>\n","protected":false},"excerpt":{"rendered":"<p>07.01.2026. Marka Banjo-Kazooie jest typowym przyk\u0142adem tego jak \u015bwietny pomys\u0142 i wykonanie, a tak\u017ce bardzo liczna grupa fan\u00f3w, zosta\u0142y porzucone w przebiegu r\u00f3\u017cnych zawirowa\u0144 w przesz\u0142o\u015bci. I chyba ka\u017cdy boi si\u0119 wr\u00f3ci\u0107 do tego tematu w obawie o niespe\u0142nione i wyolbrzymione oczekiwania wzgl\u0119dem kontynuacji. Jednak liczne pe\u0142noprawne modyfikacje (mody\/hacki) pokazuj\u0105, \u017ce ta gra nadal jest\u2026 <span class=\"read-more\"><a href=\"https:\/\/nintendo64.pl\/index.php\/banjo-kazooie-mumbomania\/\">Czytaj dalej &raquo;<\/a><\/span><\/p>\n","protected":false},"author":1,"featured_media":0,"parent":0,"menu_order":0,"comment_status":"open","ping_status":"closed","template":"","meta":{"footnotes":""},"class_list":["post-6134","page","type-page","status-publish","hentry"],"_links":{"self":[{"href":"https:\/\/nintendo64.pl\/index.php\/wp-json\/wp\/v2\/pages\/6134","targetHints":{"allow":["GET"]}}],"collection":[{"href":"https:\/\/nintendo64.pl\/index.php\/wp-json\/wp\/v2\/pages"}],"about":[{"href":"https:\/\/nintendo64.pl\/index.php\/wp-json\/wp\/v2\/types\/page"}],"author":[{"embeddable":true,"href":"https:\/\/nintendo64.pl\/index.php\/wp-json\/wp\/v2\/users\/1"}],"replies":[{"embeddable":true,"href":"https:\/\/nintendo64.pl\/index.php\/wp-json\/wp\/v2\/comments?post=6134"}],"version-history":[{"count":12,"href":"https:\/\/nintendo64.pl\/index.php\/wp-json\/wp\/v2\/pages\/6134\/revisions"}],"predecessor-version":[{"id":6254,"href":"https:\/\/nintendo64.pl\/index.php\/wp-json\/wp\/v2\/pages\/6134\/revisions\/6254"}],"wp:attachment":[{"href":"https:\/\/nintendo64.pl\/index.php\/wp-json\/wp\/v2\/media?parent=6134"}],"curies":[{"name":"wp","href":"https:\/\/api.w.org\/{rel}","templated":true}]}}