{"id":6022,"date":"2026-01-14T10:50:12","date_gmt":"2026-01-14T09:50:12","guid":{"rendered":"https:\/\/nintendo64.pl\/?page_id=6022"},"modified":"2026-01-14T10:50:12","modified_gmt":"2026-01-14T09:50:12","slug":"banjo-kazooie-cut-throat-coast-mod-hack-2021","status":"publish","type":"page","link":"https:\/\/nintendo64.pl\/index.php\/banjo-kazooie-cut-throat-coast-mod-hack-2021\/","title":{"rendered":"Banjo-Kazooie: Cut-Throat Coast [mod\/hack] (2021)"},"content":{"rendered":"<p><span style=\"color: #ff6600;\"><strong>14.01.2026.<\/strong><\/span><\/p>\n<hr \/>\n<p style=\"text-align: justify;\"><strong><img loading=\"lazy\" decoding=\"async\" class=\"alignleft size-full wp-image-6258\" src=\"https:\/\/nintendo64.pl\/wp-content\/uploads\/200-53.jpg\" alt=\"\" width=\"202\" height=\"202\" srcset=\"https:\/\/nintendo64.pl\/wp-content\/uploads\/200-53.jpg 202w, https:\/\/nintendo64.pl\/wp-content\/uploads\/200-53-150x150.jpg 150w\" sizes=\"auto, (max-width: 202px) 100vw, 202px\" \/>\u201eBanjo-Kazooie: Cut-Throat Coast\u201d to modyfikacja gry Banjo-Kazooie, mo\u017cna by rzec, \u017ce jedna z wielu jakie do tej pory si\u0119 ukaza\u0142y. <span style=\"color: #ff6600;\">[1]<\/span> Ale nie taka jak wiele innych, poniewa\u017c na tle pozosta\u0142ych wyr\u00f3\u017cnia si\u0119 charakterystycznym klimatem, dba\u0142o\u015bci\u0105 o szczeg\u00f3\u0142y oraz p\u0142ynnym i miodnym gameplayem, kt\u00f3ry prowadzi nas poprzez kolejne wyzwania.<\/strong><\/p>\n<p style=\"text-align: justify;\">Autorzy tego modu przenosz\u0105 nas z kolorowego \u015bwiata Banjo-Kazooie do bardziej stonowanych i mrocznych klimat\u00f3w. Trafiamy do nadmorskiego ma\u0142ego miasteczka z zacumowanym okr\u0119tem pirackim i latarni\u0105 morsk\u0105. Wilgo\u0107 unosi si\u0119 w powietrzu, mg\u0142a wdziera si\u0119 pod r\u0119kawy, buty grz\u0119zn\u0105 w b\u0142ocie, a miejscowi zajadaj\u0105 si\u0119 wodorostami. <span style=\"color: #ff6600;\"><strong>[2]<\/strong><\/span><\/p>\n<p style=\"text-align: justify;\">Ale nie tylko wygl\u0105d i klimat ma tutaj znaczenie, bo w przeciwie\u0144stwie do wielu innych mod\u00f3w, kt\u00f3re zmieniaj\u0105 tylko kilka element\u00f3w jak tekstury czy uk\u0142ad poziom\u00f3w, Cut-Throat Coast to mod z bardzo przemy\u015blanym pomys\u0142em na siebie. Autorzy \u015bwietnie wkomponowali w \u015bwiat mn\u00f3stwo r\u00f3\u017cnorodnych zada\u0144 i wyzwa\u0144, kt\u00f3re cz\u0119sto wymaga\u0142y modyfikacji kodu gry. <span style=\"color: #ff6600;\"><strong>[3]<\/strong><\/span> Tym samym autorzy wykraczaj\u0105 poza to co umo\u017cliwia sam program BanjoBackpack. Tak\u017ce nie ograniczono si\u0119 do strony wizualnej i rozszerzono o stron\u0119 audio. Modyfikacja ta jest wzbogacona o 20 minut nowej muzyki, <span style=\"color: #ff6600;\"><strong>[4]<\/strong><\/span> kt\u00f3ra dobrze wsp\u00f3\u0142gra z klimatem otoczenia. Na dodatek autorzy przygotowali sw\u00f3j w\u0142asny przewodnik strategiczny, gdzie na oko\u0142o 30 stronach opisuj\u0105 schemat przej\u015bcia tego poziomu. <span style=\"color: #ff6600;\"><strong>[5]<\/strong><\/span><\/p>\n<p><img loading=\"lazy\" decoding=\"async\" class=\"aligncenter size-full wp-image-6260\" src=\"https:\/\/nintendo64.pl\/wp-content\/uploads\/Cut-Throat-Coast_02.jpg\" alt=\"\" width=\"860\" height=\"638\" srcset=\"https:\/\/nintendo64.pl\/wp-content\/uploads\/Cut-Throat-Coast_02.jpg 860w, https:\/\/nintendo64.pl\/wp-content\/uploads\/Cut-Throat-Coast_02-300x223.jpg 300w, https:\/\/nintendo64.pl\/wp-content\/uploads\/Cut-Throat-Coast_02-150x111.jpg 150w, https:\/\/nintendo64.pl\/wp-content\/uploads\/Cut-Throat-Coast_02-768x570.jpg 768w, https:\/\/nintendo64.pl\/wp-content\/uploads\/Cut-Throat-Coast_02-660x490.jpg 660w\" sizes=\"auto, (max-width: 860px) 100vw, 860px\" \/><\/p>\n<p style=\"text-align: justify;\">Mimo, \u017ce sam obszar po kt\u00f3rym si\u0119 poruszamy nie jest du\u017cy, to rekompensuj\u0105 to nam r\u00f3\u017cnorodne zadania przeplataj\u0105ce si\u0119 i wymagaj\u0105ce przechodzenia w poprzek ca\u0142ej planszy. Albo na czas biegamy po dachach nadmorskiego miasteczka, albo zbieramy monety rozrzucone po ca\u0142ej wyspie lub zmieniamy si\u0119 w mr\u00f3wko podobnego stwora i przeciskamy si\u0119 przez ma\u0142e szczeliny, kt\u00f3rych nie brakuje w ca\u0142ym poziomie gry. Poza tym wi\u0119kszo\u015b\u0107 ruch\u00f3w i mechanika poruszania si\u0119 duetu Banjo i Kazooie pozosta\u0142a taka sama. Od pocz\u0105tku otrzymujemy pe\u0142ny zestaw ruch\u00f3w. Jest to zbyt ma\u0142y mod, \u017ceby wprowadza\u0107 tutaj stopniowanie o nowe umiej\u0119tno\u015bci.<\/p>\n<p><img loading=\"lazy\" decoding=\"async\" class=\"aligncenter size-full wp-image-6259\" src=\"https:\/\/nintendo64.pl\/wp-content\/uploads\/Cut-Throat-Coast_01.jpg\" alt=\"\" width=\"878\" height=\"634\" srcset=\"https:\/\/nintendo64.pl\/wp-content\/uploads\/Cut-Throat-Coast_01.jpg 878w, https:\/\/nintendo64.pl\/wp-content\/uploads\/Cut-Throat-Coast_01-300x217.jpg 300w, https:\/\/nintendo64.pl\/wp-content\/uploads\/Cut-Throat-Coast_01-150x108.jpg 150w, https:\/\/nintendo64.pl\/wp-content\/uploads\/Cut-Throat-Coast_01-768x555.jpg 768w, https:\/\/nintendo64.pl\/wp-content\/uploads\/Cut-Throat-Coast_01-660x477.jpg 660w\" sizes=\"auto, (max-width: 878px) 100vw, 878px\" \/><\/p>\n<p><img loading=\"lazy\" decoding=\"async\" class=\"aligncenter size-full wp-image-6262\" src=\"https:\/\/nintendo64.pl\/wp-content\/uploads\/Cut-Throat-Coast_04.jpg\" alt=\"\" width=\"855\" height=\"636\" srcset=\"https:\/\/nintendo64.pl\/wp-content\/uploads\/Cut-Throat-Coast_04.jpg 855w, https:\/\/nintendo64.pl\/wp-content\/uploads\/Cut-Throat-Coast_04-300x223.jpg 300w, https:\/\/nintendo64.pl\/wp-content\/uploads\/Cut-Throat-Coast_04-150x112.jpg 150w, https:\/\/nintendo64.pl\/wp-content\/uploads\/Cut-Throat-Coast_04-768x571.jpg 768w, https:\/\/nintendo64.pl\/wp-content\/uploads\/Cut-Throat-Coast_04-660x491.jpg 660w\" sizes=\"auto, (max-width: 855px) 100vw, 855px\" \/><\/p>\n<p style=\"text-align: justify;\">Cut-Throat Coast to projekt, kt\u00f3ry powsta\u0142 za spraw\u0105 wielu znanych i zas\u0142u\u017conych cz\u0142onk\u00f3w spo\u0142eczno\u015bci modder\u00f3w takich jak RetroNuva10, <span style=\"color: #ff6600;\"><strong>[6]<\/strong><\/span> Loggo, BanjoFreak64, Atezian, Bynine. Sw\u00f3j wi\u0119kszy i mniejszy udzia\u0142 mieli tak\u017ce\u00a0Jombo23, Mark Kurko, SuperZambezi, Jackson G13 (JacksonGameStudios), Wedarobi. <span style=\"color: #ff6600;\"><strong>[7]<\/strong><\/span> Jak wida\u0107 sporo os\u00f3b przy\u0142o\u017cy\u0142o r\u0119k\u0119 do powstania, wydawa\u0142oby si\u0119 jednego tylko poziomu. To ukazuje jak pracoch\u0142onne jest projektowanie i tworzenie takich gier. Ale te\u017c ta spora ilo\u015b\u0107 pracy jest faktycznie widoczna w trakcie rozgrywki.<\/p>\n<p style=\"text-align: justify;\">Mod ten dzia\u0142a bardzo dobrze na oryginalnej konsoli. A tym samym udowadnia, \u017ce tak \u015bwietnie wykonane gry mog\u0142y by powstawa\u0107 tak\u017ce w czasach konsoli Nintendo 64. I mimo pojedynczych moment\u00f3w gdy animacja potrafi\u0142a zwolni\u0107, to z przyjemno\u015bci\u0105 przeszed\u0142em ca\u0142y mod na oryginalnym sprz\u0119cie.<\/p>\n<p style=\"text-align: justify;\">Ca\u0142y mod mo\u017cna przej\u015b\u0107 w ci\u0105gu 2 godzin zdobywaj\u0105c wi\u0119kszo\u015b\u0107 znajdziek lub jak kto\u015b jest bardziej wprawny to i wszystkie. Niby to nie jest du\u017co, ale gdyby ta plansza by\u0142a jednym z 8 etap\u00f3w w pe\u0142noprawnej grze to taki czas by\u0142by ca\u0142kiem dobrym wynikiem. Oryginaln\u0105 gr\u0119 Banjo-Kazooie przechodz\u0119 w oko\u0142o 9-10 godzin, a to tylko dzi\u0119ki temu, \u017ce wiem co gdzie i jak zrobi\u0107.<\/p>\n<p><img loading=\"lazy\" decoding=\"async\" class=\"aligncenter size-full wp-image-6261\" src=\"https:\/\/nintendo64.pl\/wp-content\/uploads\/Cut-Throat-Coast_03.jpg\" alt=\"\" width=\"880\" height=\"633\" srcset=\"https:\/\/nintendo64.pl\/wp-content\/uploads\/Cut-Throat-Coast_03.jpg 880w, https:\/\/nintendo64.pl\/wp-content\/uploads\/Cut-Throat-Coast_03-300x216.jpg 300w, https:\/\/nintendo64.pl\/wp-content\/uploads\/Cut-Throat-Coast_03-150x108.jpg 150w, https:\/\/nintendo64.pl\/wp-content\/uploads\/Cut-Throat-Coast_03-768x552.jpg 768w, https:\/\/nintendo64.pl\/wp-content\/uploads\/Cut-Throat-Coast_03-660x475.jpg 660w\" sizes=\"auto, (max-width: 880px) 100vw, 880px\" \/><\/p>\n<p style=\"text-align: justify;\">Podsumowuj\u0105c mod Cut-Throat Coast, nie jest jedynie kosmetyczn\u0105 modyfikacj\u0105, ale to pe\u0142noprawny nowy poziom z unikatowym klimatem, muzyk\u0105 i nowymi elementami stworzonym specjalnie z my\u015bl\u0105 o tej grze. G\u0142\u00f3wny motyw przenosi nas w pirack\u0105 scenerie, a przy tym cechuje si\u0119 wci\u0105gaj\u0105cym gameplayem i wysok\u0105 jako\u015bci\u0105 wykonania. Ten starannie opracowany hack to przyjemne rozszerzenie oryginalnej gry Banjo-Kazooie, kt\u00f3re sprawia wra\u017cenie, jakby zosta\u0142o stworzone przez samo Rare.<\/p>\n<p><strong>@ Valoo<\/strong><\/p>\n<p>&nbsp;<\/p>\n<hr \/>\n<p><span style=\"color: #ff6600;\"><strong>TRAILER<\/strong><\/span><\/p>\n<div style=\"width: 640px;\" class=\"wp-video\"><video class=\"wp-video-shortcode\" id=\"video-6022-1\" width=\"640\" height=\"360\" poster=\"https:\/\/nintendo64.pl\/wp-content\/uploads\/trailergameplay.jpg\" preload=\"metadata\" controls=\"controls\"><source type=\"video\/mp4\" src=\"https:\/\/nintendo64.pl\/wp-content\/uploads\/Banjo-Kazooie_-Cut-Throat-Coast-TRAILER.mp4?_=1\" \/><a href=\"https:\/\/nintendo64.pl\/wp-content\/uploads\/Banjo-Kazooie_-Cut-Throat-Coast-TRAILER.mp4\">https:\/\/nintendo64.pl\/wp-content\/uploads\/Banjo-Kazooie_-Cut-Throat-Coast-TRAILER.mp4<\/a><\/video><\/div>\n<p>\u0179r\u00f3d\u0142o:<br \/>\nyoutu.be\/lhqbkTrUuv0?si=bzVWyXzZ7SXxNpmh<\/p>\n<p>&nbsp;<\/p>\n<hr \/>\n<p><span style=\"color: #ff6600;\"><strong>Podsumowanie<\/strong><\/span><\/p>\n<p><span style=\"color: #ff6600;\"><strong>Autor:<\/strong><\/span>\u00a0RetroNuva10, Loggo, BanjoFreak64, Atezian, Bynine.<br \/>\n<span style=\"color: #ff6600;\"><strong>A tak\u017ce wspomagali:<\/strong><\/span>\u00a0Jombo23, Mark Kurko, SuperZambezi, Jackson G13 (JacksonGameStudios), Wedarobi.<br \/>\n<span style=\"color: #ff6600;\"><strong>Rodzaj:<\/strong><\/span>\u00a0jednopoziomowy mod<br \/>\n<span style=\"color: #ff6600;\"><strong>Liczba poziom\u00f3w:<\/strong><\/span>\u00a01<br \/>\n<span style=\"color: #ff6600;\"><strong>Czas gry:<\/strong><\/span>\u00a02 godziny<br \/>\n<span style=\"color: #ff6600;\"><strong>Data wydania:<\/strong><\/span> grudzie\u0144 2021 (inne \u017ar\u00f3d\u0142a podaj\u0105 27 listopada 2021) <span style=\"color: #ff6600;\"><strong>[8]<\/strong><\/span><br \/>\n<span style=\"color: #ff6600;\"><strong>Cechy szczeg\u00f3lne:<\/strong><\/span> 10 puzzli. 100 nutek. Modyfikacja kodu gry. Modyfikacja przeciwnik\u00f3w, 20 minut nowej muzyki. Do\u0142\u0105czony przewodnik w formie pdf.<br \/>\n<span style=\"color: #ff6600;\"><strong>PORADNIK:<\/strong><\/span> mo\u017cna pobra\u0107 <span style=\"color: #ff6600;\"><strong><a style=\"color: #ff6600;\" href=\"https:\/\/nintendo64.pl\/wp-content\/uploads\/SpooktacularGuide_Print_RGB_Compressed_V1.0.pdf\" target=\"_blank\" rel=\"noopener\">tutaj<\/a><\/strong><\/span><br \/>\nA tak\u017ce pod oryginalnym adresem:<br \/>\ndrive.google.com\/file\/d\/1s5yQmqg6r9LCG59J8W7EugdJ5ouRwUu4\/view<\/p>\n<p><span style=\"color: #000000;\">Online Patcher: patch.wedarobi.com\/cut_throat_coast<\/span><br \/>\n<span style=\"color: #000000;\">Plik z \u0142\u0105tk\u0105 do pobrania:<\/span>\u00a0<span style=\"color: #ff6600;\"><strong><a style=\"color: #ff6600;\" href=\"https:\/\/nintendo64.pl\/wp-content\/uploads\/cut_throat_coast_v1.4.xdelta.zip\" target=\"_blank\" rel=\"noopener\">cut_throat_coast_v1.4<\/a><\/strong><\/span><\/p>\n<p><img loading=\"lazy\" decoding=\"async\" class=\"aligncenter size-full wp-image-6263\" src=\"https:\/\/nintendo64.pl\/wp-content\/uploads\/Cut-Throat-Coast_05.jpg\" alt=\"\" width=\"699\" height=\"624\" srcset=\"https:\/\/nintendo64.pl\/wp-content\/uploads\/Cut-Throat-Coast_05.jpg 699w, https:\/\/nintendo64.pl\/wp-content\/uploads\/Cut-Throat-Coast_05-300x268.jpg 300w, https:\/\/nintendo64.pl\/wp-content\/uploads\/Cut-Throat-Coast_05-150x134.jpg 150w, https:\/\/nintendo64.pl\/wp-content\/uploads\/Cut-Throat-Coast_05-660x589.jpg 660w\" sizes=\"auto, (max-width: 699px) 100vw, 699px\" \/><\/p>\n<hr \/>\n<p><span style=\"color: #ff6600;\"><strong>Przypisy<\/strong><\/span><\/p>\n<p><span style=\"color: #ff6600;\"><strong>[1]<\/strong><\/span> tutaj lista najwa\u017cniejszych modyfikacji<br \/>\nnintendo64.pl\/index.php\/889-2\/<br \/>\n<span style=\"color: #ff6600;\"><strong>[2]<\/strong><\/span> te wodorosty to ju\u017c wymy\u015bli\u0142em, ale klimat jest bardzo plastycznie wykreowany<br \/>\n<span style=\"color: #ff6600;\"><strong>[3]<\/strong><\/span> modyfikacja kody gry &#8211; pisa\u0142 o tym autor modu kiedy\u015b na discord<br \/>\n<span style=\"color: #ff6600;\"><strong>[4]<\/strong><\/span> autor o tych 20 minutach muzyki wspomina pod trailerem na swoim kanale YT<br \/>\nyoutu.be\/lhqbkTrUuv0?si=bzVWyXzZ7SXxNpmh<br \/>\n<span style=\"color: #ff6600;\"><strong>[5]<\/strong><\/span> poradnik mo\u017cna pobra\u0107 <span style=\"color: #ff6600;\"><strong><a style=\"color: #ff6600;\" href=\"https:\/\/nintendo64.pl\/wp-content\/uploads\/SpooktacularGuide_Print_RGB_Compressed_V1.0.pdf\" target=\"_blank\" rel=\"noopener\">tutaj<\/a><\/strong><\/span><br \/>\n<span style=\"color: #ff6600;\"><strong>[6]<\/strong><\/span> g\u0142\u00f3wny autor moda to RetroNuva10 czyli Benjamin Keckley, kt\u00f3ry wtedy (w 2021 roku) by\u0142 19 letnim studentem informatyki z Virginia Beach w stanie Wirginia. Od oko\u0142o 5 lat studiuj\u0119 i pog\u0142\u0119bia swoje do\u015bwiadczenie w tworzeniu gier. W swoim portfolio ma wiele innych projekt\u00f3w. Strona domowa g\u0142\u00f3wnego autora modu, kt\u00f3ra ju\u017c niestety nie istnieje benkeckley.com\/ do obejrzenia <span style=\"color: #ff6600;\"><strong><a style=\"color: #ff6600;\" href=\"https:\/\/nintendo64.pl\/wp-content\/uploads\/Benjamin-Keckley-Portfolio-1-scaled.png\" target=\"_blank\" rel=\"noopener\">tutaj <\/a><\/strong><\/span>pod adresem web.archive.org\/web\/20210208184919\/http:\/\/benkeckley.com\/<br \/>\n<span style=\"color: #ff6600;\"><strong>[7]<\/strong><\/span> pe\u0142na lista autor\u00f3w jest w poradniku<br \/>\n<span style=\"color: #ff6600;\"><strong>[8] <\/strong><\/span>r\u00f3\u017cne daty premiery na podstawie stron<br \/>\nretroachievements.org\/game\/19484<br \/>\nigdb.com\/games\/banjo-kazooie-cut-throat-coast<\/p>\n<p>&nbsp;<\/p>\n<hr \/>\n<p><span style=\"color: #ff6600;\"><strong>Notka techniczna:<\/strong><\/span><br \/>\n\u2022 Zdj\u0119cia pochodz\u0105 z emulatora<br \/>\n\u2022 Data publikacji wpisu: 14.01.2026.<\/p>\n","protected":false},"excerpt":{"rendered":"<p>14.01.2026. \u201eBanjo-Kazooie: Cut-Throat Coast\u201d to modyfikacja gry Banjo-Kazooie, mo\u017cna by rzec, \u017ce jedna z wielu jakie do tej pory si\u0119 ukaza\u0142y. [1] Ale nie taka jak wiele innych, poniewa\u017c na tle pozosta\u0142ych wyr\u00f3\u017cnia si\u0119 charakterystycznym klimatem, dba\u0142o\u015bci\u0105 o szczeg\u00f3\u0142y oraz p\u0142ynnym i miodnym gameplayem, kt\u00f3ry prowadzi nas poprzez kolejne wyzwania. Autorzy tego modu przenosz\u0105 nas\u2026 <span class=\"read-more\"><a href=\"https:\/\/nintendo64.pl\/index.php\/banjo-kazooie-cut-throat-coast-mod-hack-2021\/\">Czytaj dalej &raquo;<\/a><\/span><\/p>\n","protected":false},"author":1,"featured_media":0,"parent":0,"menu_order":0,"comment_status":"open","ping_status":"closed","template":"","meta":{"footnotes":""},"class_list":["post-6022","page","type-page","status-publish","hentry"],"_links":{"self":[{"href":"https:\/\/nintendo64.pl\/index.php\/wp-json\/wp\/v2\/pages\/6022","targetHints":{"allow":["GET"]}}],"collection":[{"href":"https:\/\/nintendo64.pl\/index.php\/wp-json\/wp\/v2\/pages"}],"about":[{"href":"https:\/\/nintendo64.pl\/index.php\/wp-json\/wp\/v2\/types\/page"}],"author":[{"embeddable":true,"href":"https:\/\/nintendo64.pl\/index.php\/wp-json\/wp\/v2\/users\/1"}],"replies":[{"embeddable":true,"href":"https:\/\/nintendo64.pl\/index.php\/wp-json\/wp\/v2\/comments?post=6022"}],"version-history":[{"count":15,"href":"https:\/\/nintendo64.pl\/index.php\/wp-json\/wp\/v2\/pages\/6022\/revisions"}],"predecessor-version":[{"id":6267,"href":"https:\/\/nintendo64.pl\/index.php\/wp-json\/wp\/v2\/pages\/6022\/revisions\/6267"}],"wp:attachment":[{"href":"https:\/\/nintendo64.pl\/index.php\/wp-json\/wp\/v2\/media?parent=6022"}],"curies":[{"name":"wp","href":"https:\/\/api.w.org\/{rel}","templated":true}]}}