{"id":3025,"date":"2024-04-03T01:03:26","date_gmt":"2024-04-02T23:03:26","guid":{"rendered":"https:\/\/nintendo64.pl\/?page_id=3025"},"modified":"2024-09-22T02:10:37","modified_gmt":"2024-09-22T00:10:37","slug":"famimaga-64-dostepne-wszystkie-zeskanowane-numery","status":"publish","type":"page","link":"https:\/\/nintendo64.pl\/index.php\/famimaga-64-dostepne-wszystkie-zeskanowane-numery\/","title":{"rendered":"Famimaga 64 \u2013 dost\u0119pne wszystkie zeskanowane numery"},"content":{"rendered":"<p style=\"text-align: justify;\">Za spraw\u0105 du\u017cych nak\u0142ad\u00f3w pracy spo\u0142eczno\u015bci <span style=\"color: #ff6600;\"><strong><a style=\"color: #ff6600;\" href=\"http:\/\/www.gamingalexandria.com\" target=\"_blank\" rel=\"noopener\">gamingalexandria<\/a><\/strong><\/span> uda\u0142o si\u0119 zeskanowa\u0107 wszystkie numery czasopisma <strong>Famimaga 64<\/strong> i udost\u0119pni\u0107 je zainteresowanym.<\/p>\n<p style=\"text-align: justify;\"><strong>Famimaga 64<\/strong> by\u0142 to kontynuator Famimaga, magazynu zapocz\u0105tkowanego w 1985 roku i poswi\u0119conemu konsoli Famicom. Nast\u0119pnie przekszta\u0142cony w Famimaga 64 w 1996 roku, a w maju 1998 roku zako\u0144czono jego wydawanie. Jednak dzi\u0119ki bliskiej wsp\u00f3\u0142pracy z Nintendo na jego \u0142amach ukazywa\u0142o si\u0119 du\u017co interesuj\u0105cych wywiad\u00f3w z takimi osobami jak Shigeru Miyamoto.<\/p>\n<p>@ Valoo<\/p>\n<p><img loading=\"lazy\" decoding=\"async\" class=\"aligncenter size-full wp-image-3027\" src=\"https:\/\/nintendo64.pl\/wp-content\/uploads\/famimaga64-1.jpg\" alt=\"\" width=\"1000\" height=\"792\" srcset=\"https:\/\/nintendo64.pl\/wp-content\/uploads\/famimaga64-1.jpg 1000w, https:\/\/nintendo64.pl\/wp-content\/uploads\/famimaga64-1-300x238.jpg 300w, https:\/\/nintendo64.pl\/wp-content\/uploads\/famimaga64-1-150x119.jpg 150w, https:\/\/nintendo64.pl\/wp-content\/uploads\/famimaga64-1-768x608.jpg 768w, https:\/\/nintendo64.pl\/wp-content\/uploads\/famimaga64-1-660x523.jpg 660w\" sizes=\"auto, (max-width: 1000px) 100vw, 1000px\" \/><\/p>\n<p style=\"text-align: center;\">Ka\u017cdy numer do pobrania <span style=\"color: #ff6600;\"><a style=\"color: #ff6600;\" href=\"https:\/\/archive.org\/search?query=subject%3A%22Famimaga+64%22\" target=\"_blank\" rel=\"noopener\"><strong>TUTAJ<\/strong><\/a><\/span><\/p>\n<p>Famimaga 64 &#8211; Issue 1 &#8211; July 12 1996<span style=\"color: #ff6600;\"><strong> <a style=\"color: #ff6600;\" href=\"https:\/\/nintendo64.pl\/wp-content\/uploads\/Famimaga-64-Issue-1-July-12-1996_text.pdf\" target=\"_blank\" rel=\"noopener\">[POBIERZ]<\/a><\/strong><\/span><\/p>\n<p>Famimaga 64 &#8211;<span style=\"color: #000000;\"> Issue 1 <\/span>&#8211; Appendix Super Mario 64 Fantastic Book\u00a0 <span style=\"color: #ff6600;\"><strong><a style=\"color: #ff6600;\" href=\"https:\/\/nintendo64.pl\/wp-content\/uploads\/Famimaga-64-Issue-1-Appendix-Super-Mario-64-Fantastic-Book_text.pdf\" target=\"_blank\" rel=\"noopener\">[POBIERZ]<\/a><\/strong><\/span><\/p>\n<p>&nbsp;<\/p>\n<p>&nbsp;<\/p>\n<p>&nbsp;<\/p>\n<hr \/>\n<h2><span style=\"color: #ff6600;\">\u0179r\u00f3d\u0142o:<\/span><\/h2>\n<p><a href=\"https:\/\/twitter.com\/GamingAlexandri\/status\/1682059333931089920\" target=\"_blank\" rel=\"noopener\"><span style=\"color: #ff6600;\"><span style=\"color: #ff6600;\"><span style=\"color: #000000;\">https:\/\/twitter.com\/GamingAlexandri\/status\/1682059333931089920<\/span><\/span><\/span><\/a><\/p>\n<p><span style=\"color: #000000;\"><a style=\"color: #000000;\" href=\"https:\/\/www.gamingalexandria.com\/wp\/2023\/07\/famimaga-64-every-issue-now-scanned\/\" target=\"_blank\" rel=\"noopener\">https:\/\/www.gamingalexandria.com\/wp\/2023\/07\/famimaga-64-every-issue-now-scanned\/<\/a><\/span><\/p>\n","protected":false},"excerpt":{"rendered":"<p>Za spraw\u0105 du\u017cych nak\u0142ad\u00f3w pracy spo\u0142eczno\u015bci gamingalexandria uda\u0142o si\u0119 zeskanowa\u0107 wszystkie numery czasopisma Famimaga 64 i udost\u0119pni\u0107 je zainteresowanym. Famimaga 64 by\u0142 to kontynuator Famimaga, magazynu zapocz\u0105tkowanego w 1985 roku i poswi\u0119conemu konsoli Famicom. Nast\u0119pnie przekszta\u0142cony w Famimaga 64 w 1996 roku, a w maju 1998 roku zako\u0144czono jego wydawanie. Jednak dzi\u0119ki bliskiej wsp\u00f3\u0142pracy z\u2026 <span class=\"read-more\"><a href=\"https:\/\/nintendo64.pl\/index.php\/famimaga-64-dostepne-wszystkie-zeskanowane-numery\/\">Czytaj dalej &raquo;<\/a><\/span><\/p>\n","protected":false},"author":1,"featured_media":0,"parent":0,"menu_order":0,"comment_status":"open","ping_status":"closed","template":"","meta":{"footnotes":""},"class_list":["post-3025","page","type-page","status-publish","hentry"],"_links":{"self":[{"href":"https:\/\/nintendo64.pl\/index.php\/wp-json\/wp\/v2\/pages\/3025","targetHints":{"allow":["GET"]}}],"collection":[{"href":"https:\/\/nintendo64.pl\/index.php\/wp-json\/wp\/v2\/pages"}],"about":[{"href":"https:\/\/nintendo64.pl\/index.php\/wp-json\/wp\/v2\/types\/page"}],"author":[{"embeddable":true,"href":"https:\/\/nintendo64.pl\/index.php\/wp-json\/wp\/v2\/users\/1"}],"replies":[{"embeddable":true,"href":"https:\/\/nintendo64.pl\/index.php\/wp-json\/wp\/v2\/comments?post=3025"}],"version-history":[{"count":4,"href":"https:\/\/nintendo64.pl\/index.php\/wp-json\/wp\/v2\/pages\/3025\/revisions"}],"predecessor-version":[{"id":3759,"href":"https:\/\/nintendo64.pl\/index.php\/wp-json\/wp\/v2\/pages\/3025\/revisions\/3759"}],"wp:attachment":[{"href":"https:\/\/nintendo64.pl\/index.php\/wp-json\/wp\/v2\/media?parent=3025"}],"curies":[{"name":"wp","href":"https:\/\/api.w.org\/{rel}","templated":true}]}}