{"id":2832,"date":"2024-01-03T00:23:26","date_gmt":"2024-01-02T23:23:26","guid":{"rendered":"https:\/\/nintendo64.pl\/?page_id=2832"},"modified":"2024-01-04T00:03:25","modified_gmt":"2024-01-03T23:03:25","slug":"demake-breath-of-the-wild-64-z-1999-roku","status":"publish","type":"page","link":"https:\/\/nintendo64.pl\/index.php\/demake-breath-of-the-wild-64-z-1999-roku\/","title":{"rendered":"DEMAKE: Breath of the Wild 64 z 1999 roku"},"content":{"rendered":"<p style=\"text-align: justify;\">Kiedy w 2019 roku na targach E3 zaprezentowano zbli\u017caj\u0105cy si\u0119 sequel znakomitej gry <strong>Breath of the Wild<\/strong>, ten kr\u00f3tki film pobudzi\u0142 wyobra\u017anie dos\u0142ownie ka\u017cdego fana tej serii.<\/p>\n<div style=\"width: 665px;\" class=\"wp-video\"><video class=\"wp-video-shortcode\" id=\"video-2832-1\" width=\"665\" height=\"374\" preload=\"metadata\" controls=\"controls\"><source type=\"video\/mp4\" src=\"https:\/\/nintendo64.pl\/wp-content\/uploads\/Sequel-to-The-Legend-of-Zelda-Breath-of-the-Wild-First-Look-Trailer-Nintendo-E3-2019.mp4?_=1\" \/><a href=\"https:\/\/nintendo64.pl\/wp-content\/uploads\/Sequel-to-The-Legend-of-Zelda-Breath-of-the-Wild-First-Look-Trailer-Nintendo-E3-2019.mp4\">https:\/\/nintendo64.pl\/wp-content\/uploads\/Sequel-to-The-Legend-of-Zelda-Breath-of-the-Wild-First-Look-Trailer-Nintendo-E3-2019.mp4<\/a><\/video><\/div>\n<p style=\"text-align: justify;\">Jeden z nich <strong>The Regressor<\/strong> stworzy\u0142 imponuj\u0105cy demake tego trailera w stylu Nintendo 64 przenosz\u0105c nas do roku 1999. Wszystkie modele i animacje The Regressor stworzy\u0142 od podstaw w programie Maya i Photoshop. Za\u015b za niezwykle klimatyczny podk\u0142ad muzyczny odpowiada Vince94. Celem ich by\u0142o oddanie klimatu tamtych gier z uwzgl\u0119dnieniem s\u0142abej jako\u015bci grafiki. Celowo tak\u017ce obni\u017cyli liczb\u0119 klatek do 15-18 FPS, aby nada\u0107 mu oldschoolowy charakter. I jak to okre\u015blili autorzy, \u017ce je\u017celi to wygl\u0105da kiepsko jako\u015bciowo to tak mia\u0142o by\u0107 w za\u0142o\u017ceniu, cytuj\u0105c:<\/p>\n<blockquote>\n<p style=\"text-align: justify;\">&#8222;<em>The quality is supposed to be 'bad&#8217;: if it looks like a flaw or error, it was likely 100 per cent intentional and either left in or put in on purpose. My goal was not to replicate Ocarina or Majora&#8217;s Mask visuals exactly or be 100 per cent technically accurate to N64\/DD capabilities or specifications; only 'similar&#8217; with artistic liberties.<\/em>&#8222;<\/p>\n<\/blockquote>\n<p style=\"text-align: justify;\">Zreszt\u0105 warto samemu zapozna\u0107 si\u0119 z tym kr\u00f3tkim, ale bardzo klimatycznym filmem.<\/p>\n<div style=\"width: 665px;\" class=\"wp-video\"><video class=\"wp-video-shortcode\" id=\"video-2832-2\" width=\"665\" height=\"374\" preload=\"metadata\" controls=\"controls\"><source type=\"video\/mp4\" src=\"https:\/\/nintendo64.pl\/wp-content\/uploads\/The-Legend-of-Zelda-Breath-of-the-Wild-64-sequel-Nintendo-E3-1999.mp4?_=2\" \/><a href=\"https:\/\/nintendo64.pl\/wp-content\/uploads\/The-Legend-of-Zelda-Breath-of-the-Wild-64-sequel-Nintendo-E3-1999.mp4\">https:\/\/nintendo64.pl\/wp-content\/uploads\/The-Legend-of-Zelda-Breath-of-the-Wild-64-sequel-Nintendo-E3-1999.mp4<\/a><\/video><\/div>\n<p>A\u017c chcia\u0142o by si\u0119 ujrze\u0107 wydanie The Legend of Zelda w takiej wersji. Mocny klimat, oldschoolowy wygl\u0105d i widoczny mi\u00f3d wylewaj\u0105cy si\u0119 z ekranu przemawia nie tylko do mnie. Do dnia dzisiejszego film w przeci\u0105gu 4 lat dorobi\u0142 si\u0119 4 mln wy\u015bwietle\u0144. Ca\u0142kiem sporo\u2026<\/p>\n<p>@ Valoo<\/p>\n<p>&nbsp;<\/p>\n<hr \/>\n<p><strong><span style=\"color: #000000;\">\u0179r\u00f3d\u0142o:<\/span><\/strong><\/p>\n<p><span style=\"color: #ff6600;\"><span style=\"color: #000000;\">[1]<\/span> <a style=\"color: #ff6600;\" href=\"https:\/\/www.destructoid.com\/zelda-breath-of-the-wild-2-has-been-reimagined-as-a-nintendo-64-game\/\">https:\/\/www.destructoid.com\/zelda-breath-of-the-wild-2-has-been-reimagined-as-a-nintendo-64-game\/<\/a><\/span><\/p>\n<p><span style=\"color: #ff6600;\"><span style=\"color: #000000;\">[2]<\/span> <a style=\"color: #ff6600;\" href=\"https:\/\/www.eurogamer.net\/the-legend-of-zelda-breath-of-the-wild-2-for-n64-is-not-in-development\">https:\/\/www.eurogamer.net\/the-legend-of-zelda-breath-of-the-wild-2-for-n64-is-not-in-development<\/a><\/span><\/p>\n<p><span style=\"color: #ff6600;\"><span style=\"color: #000000;\">[3]<\/span><a style=\"color: #ff6600;\" href=\"https:\/\/www.youtube.com\/watch?v=3fr1Z07AV00\">https:\/\/www.youtube.com\/watch?v=3fr1Z07AV00<\/a><\/span><\/p>\n<p><span style=\"color: #000000;\">[4] <\/span><span style=\"color: #ff6600;\"><a style=\"color: #ff6600;\" href=\"https:\/\/www.youtube.com\/watch?v=8KTvjRe5vyA\">https:\/\/www.youtube.com\/watch?v=8KTvjRe5vyA<\/a><\/span><\/p>\n","protected":false},"excerpt":{"rendered":"<p>Kiedy w 2019 roku na targach E3 zaprezentowano zbli\u017caj\u0105cy si\u0119 sequel znakomitej gry Breath of the Wild, ten kr\u00f3tki film pobudzi\u0142 wyobra\u017anie dos\u0142ownie ka\u017cdego fana tej serii. Jeden z nich The Regressor stworzy\u0142 imponuj\u0105cy demake tego trailera w stylu Nintendo 64 przenosz\u0105c nas do roku 1999. Wszystkie modele i animacje The Regressor stworzy\u0142 od podstaw\u2026 <span class=\"read-more\"><a href=\"https:\/\/nintendo64.pl\/index.php\/demake-breath-of-the-wild-64-z-1999-roku\/\">Czytaj dalej &raquo;<\/a><\/span><\/p>\n","protected":false},"author":1,"featured_media":0,"parent":0,"menu_order":0,"comment_status":"open","ping_status":"closed","template":"","meta":{"footnotes":""},"class_list":["post-2832","page","type-page","status-publish","hentry"],"_links":{"self":[{"href":"https:\/\/nintendo64.pl\/index.php\/wp-json\/wp\/v2\/pages\/2832","targetHints":{"allow":["GET"]}}],"collection":[{"href":"https:\/\/nintendo64.pl\/index.php\/wp-json\/wp\/v2\/pages"}],"about":[{"href":"https:\/\/nintendo64.pl\/index.php\/wp-json\/wp\/v2\/types\/page"}],"author":[{"embeddable":true,"href":"https:\/\/nintendo64.pl\/index.php\/wp-json\/wp\/v2\/users\/1"}],"replies":[{"embeddable":true,"href":"https:\/\/nintendo64.pl\/index.php\/wp-json\/wp\/v2\/comments?post=2832"}],"version-history":[{"count":3,"href":"https:\/\/nintendo64.pl\/index.php\/wp-json\/wp\/v2\/pages\/2832\/revisions"}],"predecessor-version":[{"id":2837,"href":"https:\/\/nintendo64.pl\/index.php\/wp-json\/wp\/v2\/pages\/2832\/revisions\/2837"}],"wp:attachment":[{"href":"https:\/\/nintendo64.pl\/index.php\/wp-json\/wp\/v2\/media?parent=2832"}],"curies":[{"name":"wp","href":"https:\/\/api.w.org\/{rel}","templated":true}]}}