{"id":2698,"date":"2023-11-03T13:28:26","date_gmt":"2023-11-03T12:28:26","guid":{"rendered":"https:\/\/nintendo64.pl\/?page_id=2698"},"modified":"2023-11-03T13:28:26","modified_gmt":"2023-11-03T12:28:26","slug":"instruction-booklet-nintendo-64","status":"publish","type":"page","link":"https:\/\/nintendo64.pl\/index.php\/instruction-booklet-nintendo-64\/","title":{"rendered":"INSTRUCTION BOOKLET NINTENDO 64"},"content":{"rendered":"<p>Zbi\u00f3r instrukcji obs\u0142ugi do gier na Nintendo 64 w wersji PAL.<\/p>\n<p><img loading=\"lazy\" decoding=\"async\" class=\"aligncenter size-full wp-image-2699\" src=\"https:\/\/nintendo64.pl\/wp-content\/uploads\/Manual-N64_01.jpg\" alt=\"\" width=\"1000\" height=\"853\" srcset=\"https:\/\/nintendo64.pl\/wp-content\/uploads\/Manual-N64_01.jpg 1000w, https:\/\/nintendo64.pl\/wp-content\/uploads\/Manual-N64_01-300x256.jpg 300w, https:\/\/nintendo64.pl\/wp-content\/uploads\/Manual-N64_01-150x128.jpg 150w, https:\/\/nintendo64.pl\/wp-content\/uploads\/Manual-N64_01-768x655.jpg 768w, https:\/\/nintendo64.pl\/wp-content\/uploads\/Manual-N64_01-660x563.jpg 660w\" sizes=\"auto, (max-width: 1000px) 100vw, 1000px\" \/><\/p>\n<p style=\"text-align: center;\">***<\/p>\n<p><img loading=\"lazy\" decoding=\"async\" class=\"aligncenter size-full wp-image-2700\" src=\"https:\/\/nintendo64.pl\/wp-content\/uploads\/Manual-N64_02.jpg\" alt=\"\" width=\"1000\" height=\"839\" srcset=\"https:\/\/nintendo64.pl\/wp-content\/uploads\/Manual-N64_02.jpg 1000w, https:\/\/nintendo64.pl\/wp-content\/uploads\/Manual-N64_02-300x252.jpg 300w, https:\/\/nintendo64.pl\/wp-content\/uploads\/Manual-N64_02-150x126.jpg 150w, https:\/\/nintendo64.pl\/wp-content\/uploads\/Manual-N64_02-768x644.jpg 768w, https:\/\/nintendo64.pl\/wp-content\/uploads\/Manual-N64_02-660x554.jpg 660w\" sizes=\"auto, (max-width: 1000px) 100vw, 1000px\" \/><\/p>\n<p style=\"text-align: center;\">***<\/p>\n<p><img loading=\"lazy\" decoding=\"async\" class=\"aligncenter size-full wp-image-2701\" src=\"https:\/\/nintendo64.pl\/wp-content\/uploads\/Manual-N64_03.jpg\" alt=\"\" width=\"1000\" height=\"704\" srcset=\"https:\/\/nintendo64.pl\/wp-content\/uploads\/Manual-N64_03.jpg 1000w, https:\/\/nintendo64.pl\/wp-content\/uploads\/Manual-N64_03-300x211.jpg 300w, https:\/\/nintendo64.pl\/wp-content\/uploads\/Manual-N64_03-150x106.jpg 150w, https:\/\/nintendo64.pl\/wp-content\/uploads\/Manual-N64_03-768x541.jpg 768w, https:\/\/nintendo64.pl\/wp-content\/uploads\/Manual-N64_03-660x465.jpg 660w, https:\/\/nintendo64.pl\/wp-content\/uploads\/Manual-N64_03-200x140.jpg 200w\" sizes=\"auto, (max-width: 1000px) 100vw, 1000px\" \/><\/p>\n<p style=\"text-align: center;\">***<\/p>\n<p><img loading=\"lazy\" decoding=\"async\" class=\"aligncenter size-full wp-image-2702\" src=\"https:\/\/nintendo64.pl\/wp-content\/uploads\/Manual-N64_04.jpg\" alt=\"\" width=\"1000\" height=\"779\" srcset=\"https:\/\/nintendo64.pl\/wp-content\/uploads\/Manual-N64_04.jpg 1000w, https:\/\/nintendo64.pl\/wp-content\/uploads\/Manual-N64_04-300x234.jpg 300w, https:\/\/nintendo64.pl\/wp-content\/uploads\/Manual-N64_04-150x117.jpg 150w, https:\/\/nintendo64.pl\/wp-content\/uploads\/Manual-N64_04-768x598.jpg 768w, https:\/\/nintendo64.pl\/wp-content\/uploads\/Manual-N64_04-660x514.jpg 660w\" sizes=\"auto, (max-width: 1000px) 100vw, 1000px\" \/><\/p>\n<p>Razem mam 50 instrukcji obs\u0142ugi. Plus jedna w niestandardowym rozmiarze do gry Lylat Wars.<\/p>\n<p>@ Valoo<\/p>\n","protected":false},"excerpt":{"rendered":"<p>Zbi\u00f3r instrukcji obs\u0142ugi do gier na Nintendo 64 w wersji PAL. *** *** *** Razem mam 50 instrukcji obs\u0142ugi. Plus jedna w niestandardowym rozmiarze do gry Lylat Wars. @ Valoo<\/p>\n","protected":false},"author":1,"featured_media":0,"parent":0,"menu_order":0,"comment_status":"open","ping_status":"closed","template":"","meta":{"footnotes":""},"class_list":["post-2698","page","type-page","status-publish","hentry"],"_links":{"self":[{"href":"https:\/\/nintendo64.pl\/index.php\/wp-json\/wp\/v2\/pages\/2698","targetHints":{"allow":["GET"]}}],"collection":[{"href":"https:\/\/nintendo64.pl\/index.php\/wp-json\/wp\/v2\/pages"}],"about":[{"href":"https:\/\/nintendo64.pl\/index.php\/wp-json\/wp\/v2\/types\/page"}],"author":[{"embeddable":true,"href":"https:\/\/nintendo64.pl\/index.php\/wp-json\/wp\/v2\/users\/1"}],"replies":[{"embeddable":true,"href":"https:\/\/nintendo64.pl\/index.php\/wp-json\/wp\/v2\/comments?post=2698"}],"version-history":[{"count":2,"href":"https:\/\/nintendo64.pl\/index.php\/wp-json\/wp\/v2\/pages\/2698\/revisions"}],"predecessor-version":[{"id":2704,"href":"https:\/\/nintendo64.pl\/index.php\/wp-json\/wp\/v2\/pages\/2698\/revisions\/2704"}],"wp:attachment":[{"href":"https:\/\/nintendo64.pl\/index.php\/wp-json\/wp\/v2\/media?parent=2698"}],"curies":[{"name":"wp","href":"https:\/\/api.w.org\/{rel}","templated":true}]}}