{"id":1425,"date":"2022-09-18T00:07:19","date_gmt":"2022-09-17T22:07:19","guid":{"rendered":"https:\/\/nintendo64.pl\/?page_id=1425"},"modified":"2022-09-18T00:10:35","modified_gmt":"2022-09-17T22:10:35","slug":"direct-13-wrzesnia-2022","status":"publish","type":"page","link":"https:\/\/nintendo64.pl\/index.php\/direct-13-wrzesnia-2022\/","title":{"rendered":"Goldeneye 007 &#8211; Nintendo Direct 13 wrze\u015bnia 2022 &#8211; moje przemy\u015blenia"},"content":{"rendered":"<p align=\"justify\">Nintendo ma to do siebie, \u017ce d\u0142ugo, d\u0142ugo siedzi cicho i nagle wali mega petard\u0119 zapowiadaj\u0105c mn\u00f3stwo \u015bwietnych tytu\u0142\u00f3w. A na dodatek gry kt\u00f3re og\u0142aszaj\u0105 w swoich Directach premier\u0119 b\u0119d\u0105 mia\u0142y do\u015b\u0107 rych\u0142\u0105, a najp\u00f3\u017aniej w ci\u0105gu roku czasu. A nast\u0119pnie znowu cicho siedz\u0105 i pozwalaj\u0105 spokojnie gra\u0107&#8230;<\/p>\n<p align=\"justify\">Podobnie by\u0142o te\u017c i tym razem. Tyle, \u017ce to ja siedzia\u0142em cicho i w spokoju cieszy\u0142em si\u0119 otaczaj\u0105cym lasem, zapachem drzew i odpoczynkiem. A\u017c mnie co\u015b pokusi\u0142o, \u017ce zajrz\u0119 do neta&#8230;.a tutaj bach! Nintendo Direct! I to jaki!? Dla mnie by\u0142 \u015bwietny! Prawie ka\u017cdy tytu\u0142 mnie zaciekawi\u0142. Ja wiem, \u017ce nie wszyscy tak maj\u0105. Mo\u017ce jestem jakim\u015b za\u015blepionym fanem tej firmy, ale dobrze mi z tym i ciesz\u0119 si\u0119 tym co mam. Inni powiedz\u0105, \u017ce odgrzewaj\u0105 stare gry. A ja si\u0119 ciesz\u0119, \u017ce pogram w zaleg\u0142o\u015bci lub znane tytu\u0142y w troch\u0119 lepszej jako\u015bci. A Wy nie lubicie wraca\u0107 do znanych dobrze sobie gier?<\/p>\n<p align=\"justify\"><img loading=\"lazy\" decoding=\"async\" class=\"aligncenter size-full wp-image-1429\" src=\"https:\/\/nintendo64.pl\/wp-content\/uploads\/nintendo64pl_01-4.jpg\" alt=\"\" width=\"1047\" height=\"534\" \/><\/p>\n<p align=\"justify\">Przejd\u017amy jednak do konkret\u00f3w o tym co takiego zaprezentowano:<\/p>\n<p align=\"justify\"><span style=\"color: #ff6600;\"><strong>Goldeneye 007<\/strong><\/span> &#8211; trudno mi tutaj co\u015b napisa\u0107. Tytu\u0142 kt\u00f3ry od zawsze g\u0142oszono, \u017ce nie powr\u00f3ci z uwagi na skomplikowane prawa autorskie. Po cz\u0119\u015bci w\u0142asno\u015b\u0107 autor\u00f3w Bonda, a po cz\u0119\u015bci Rareware oraz Nintendo. I pewnie kogo\u015b jeszcze. I z tych przyczyn przecie\u017c nie umieszczono tej gry w Rare Replay, ani Nintendo Virtual Console. Co prawda kiedy\u015b wykonano remaster tej gry na Wii\u2026Generalnie jest to ogromne zaskoczenie i og\u00f3lnie to nie mog\u0119 w to uwierzy\u0107! Niby ju\u017c Banjo-Kazooie trafi\u0142 na Switch i mo\u017cna by\u0142o si\u0119 spodziewa\u0107, \u017ce podobnie b\u0119dzie z kolejnymi tytu\u0142ami. A jednak zaskoczenie. Pytam si\u0119 wi\u0119c retorycznie, kiedy Diddy Kong Racing, Donkey Kong 64 i Jet Force Gemini? A przede wszystkim to kiedy Perfect Dark na Switch z mo\u017cliwo\u015bci\u0105 gry on-line???<\/p>\n<p align=\"justify\"><img loading=\"lazy\" decoding=\"async\" class=\"aligncenter size-full wp-image-1430\" src=\"https:\/\/nintendo64.pl\/wp-content\/uploads\/nintendo64pl_02-3.jpg\" alt=\"\" width=\"1050\" height=\"718\" srcset=\"https:\/\/nintendo64.pl\/wp-content\/uploads\/nintendo64pl_02-3.jpg 1050w, https:\/\/nintendo64.pl\/wp-content\/uploads\/nintendo64pl_02-3-300x205.jpg 300w, https:\/\/nintendo64.pl\/wp-content\/uploads\/nintendo64pl_02-3-1024x700.jpg 1024w, https:\/\/nintendo64.pl\/wp-content\/uploads\/nintendo64pl_02-3-150x103.jpg 150w, https:\/\/nintendo64.pl\/wp-content\/uploads\/nintendo64pl_02-3-768x525.jpg 768w, https:\/\/nintendo64.pl\/wp-content\/uploads\/nintendo64pl_02-3-660x451.jpg 660w\" sizes=\"auto, (max-width: 1050px) 100vw, 1050px\" \/><\/p>\n<p align=\"justify\">Nintendo Switch Online &#8211; kolejne tytu\u0142y z Nintendo 64 trafi\u0105 do subskrybent\u00f3w abonamentu. B\u0119d\u0105 to zaplanowane na rok 2022 gry: Pilotwings 64, Mario Party, Mario Party 2. Za\u015b w roku 2023 zaplanowano dodanie: Mario Party 3, Pok\u00e9mon Stadium, Pok\u00e9mon Stadium 2, 1080\u00b0 Snowboarding i Excitebike 64. Musz\u0119 przyzna\u0107, \u017ce nie spodziewa\u0142em si\u0119 tak znacznej ilo\u015bci gier z tej konsoli dost\u0119pnych w abonamencie. Robi si\u0119 coraz ciekawiej, a mam nadziej\u0119, \u017ce to nie koniec tej listy.<\/p>\n<p align=\"justify\">Tutaj mo\u017cna podejrze\u0107 jakie gry aktualnie s\u0105 dost\u0119pne w ramach NSO do sprawdzenia tutaj <span style=\"color: #ff6600;\"><a style=\"color: #ff6600;\" href=\"https:\/\/www.nintendo.com\/store\/products\/nintendo-64-nintendo-switch-online-switch\/\" target=\"_blank\" rel=\"noopener\"><strong>https:\/\/www.nintendo.com\/store\/products\/nintendo-64-nintendo-switch-online-switch\/<\/strong><\/a><\/span> oraz tutaj <span style=\"color: #ff6600;\"><a style=\"color: #ff6600;\" href=\"https:\/\/www.destructoid.com\/nintendo-switch-online-expansion-pack-n64-sega-genesis-games-launch-list\/\"><strong>https:\/\/www.destructoid.com\/nintendo-switch-online-expansion-pack-n64-sega-genesis-games-launch-list\/<\/strong><\/a><\/span><\/p>\n<p align=\"justify\">Warto wspomnie\u0107, \u017ce w japo\u0144skim NSO dost\u0119pny b\u0119dzie dodatkowo Harvest Moon 64 (<strong><span style=\"color: #ff6600;\"><a style=\"color: #ff6600;\" href=\"https:\/\/gonintendo.com\/contents\/9283-harvest-moon-64-announced-for-japanese-switch-online-release\" target=\"_blank\" rel=\"noopener\">https:\/\/gonintendo.com\/contents\/9283-harvest-moon-64-announced-for-japanese-switch-online-release<\/a><\/span><\/strong>).<\/p>\n<p align=\"justify\">Co poza poka\u017anym zestawem gier z Nintendo 64? Kilka naprawd\u0119 wartych uwagi tytu\u0142\u00f3w. Musz\u0119 przyzna\u0107 tak na marginesie, \u017ce Switch w mojej kolekcji urasta do konsoli z najwi\u0119ksz\u0105 liczb\u0105 gier. Chyba nawet na PS2 nie mam tylu pozycji, a co roku dochodz\u0105 nowe gry lub od\u015bwie\u017cone wersje starych gier. Warto wiec wspomnie\u0107 o 8 zbli\u017caj\u0105cych si\u0119 grach.<\/p>\n<p align=\"justify\"><span style=\"color: #ff6600;\"><strong>Tunic<\/strong> <\/span>\u2013 bardzo si\u0119 ciesz\u0119 z wydania tej gry na Switch. Jak ju\u017c wcze\u015bniej pisa\u0142em, tytu\u0142 ten \u015bledz\u0119 od czasu gdy jeszcze nosi\u0142 nazw\u0119 &#8221; Secret Legend&#8221;. Premiera ju\u017c 27 wrze\u015bnia.<\/p>\n<p align=\"justify\"><span style=\"color: #ff6600;\"><strong>Bayonetta 3<\/strong><\/span> &#8211; nie gra\u0142em w \u017cadn\u0105 wersj\u0119, ale ciesz\u0119 si\u0119, \u017ce ta seria ma si\u0119 dobrze.<\/p>\n<p align=\"justify\"><strong><span style=\"color: #ff6600;\">Pikmin 4<\/span><\/strong> &#8211; mo\u017cna powiedzie\u0107, \u017ce nareszcie, bo ten pomys\u0142 na oryginaln\u0105 w wykonaniu strategi\u0119 zas\u0142uguje na kolejne wydania.<\/p>\n<p align=\"justify\"><strong><span style=\"color: #ff6600;\">Kirby&#8217;s Return To Dreamland Deluxe<\/span><\/strong> &#8211; klasyczny Kirby 2D w pi\u0119knym wykonaniu<\/p>\n<p align=\"justify\"><strong><span style=\"color: #ff6600;\">Front Mission 1st Remake<\/span><\/strong> &#8211; premiera ju\u017c w listopadzie<\/p>\n<p align=\"justify\"><strong><span style=\"color: #ff6600;\">Octopath Traveler 2<\/span><\/strong> &#8211; kontynuacja \u015bwietnego jRPG-a od Square Enix jest w drodze.<\/p>\n<p align=\"justify\"><strong><span style=\"color: #ff6600;\">It Takes Two<\/span><\/strong> &#8211; nie s\u0105dzi\u0142em, \u017ce ta gra trafi na Switch. Wyj\u0105tkowy pomys\u0142 i realizacja.<\/p>\n<p align=\"justify\"><strong><span style=\"color: #ff6600;\">The Legend of Zelda: Tears of The Kingdom<\/span><\/strong> &#8211; na koniec zostawi\u0142em wisienk\u0119 na tym poka\u017anym torcie. Opracowywana i dopieszczana kolejna ods\u0142ona serii o Zeldzie prawdopodobnie trafi w maju przysz\u0142ego roku.<\/p>\n<p align=\"justify\">Zaprezentowano do\u015b\u0107 niewiele m\u00f3wi\u0105cy trailer, ale bardzo przypominaj\u0105cy klimatem Skyward Sword. Czy tak faktycznie b\u0119dzie? Liczy\u0142em na bardziej przyziemne tematycznie klimaty. Ale zobaczymy co z tego wyjdzie. Mo\u017ce uda im si\u0119 zrealizowa\u0107 wizj\u0119, kt\u00f3ra nie do ko\u0144ca si\u0119 uda\u0142a w\u0142a\u015bnie w Skyward Sword. Na pewno licz\u0119, \u017ce nie p\u00f3jd\u0105 dalej w ten otwarty \u015bwiat, ale skupi\u0105 si\u0119 na tym czym ka\u017cda Zelda w rzeczywisto\u015bci jest, czyli na rozbudowanych dungeonach. Tego mi brakowa\u0142o w Breath of the Wild.<\/p>\n<p align=\"justify\">Tak na marginesie mo\u017cna dopatrywa\u0107 si\u0119 analogi. Kontynuacj\u0105 Ocarina of Time by\u0142o mroczne i zupe\u0142nie inne Majora&#8217;s Mask, a to co je \u0142\u0105czy\u0142o to by\u0142 ten sam silnik gry. Kolejne Zeldy by\u0142y zupe\u0142nie odmienne. A\u017c teraz znowu otrzymujemy dwie Zeldy, te\u017c wydawane na jeden ten sam sprz\u0119t jak mia\u0142o to miejsce z Nintendo 64. Czy Tears of The Kingdom oka\u017ce si\u0119 tak\u017ce bardziej mroczn\u0105 i powa\u017cniejsz\u0105 kontynuacj\u0105? Wprowadzi lub rozwinie jaki\u015b ciekawy patent z poprzedniej ods\u0142ony jak transformacje przy pomocy masek w Majora&#8217;s Mask? A mo\u017ce powr\u00f3c\u0105 do instrument\u00f3w muzycznych jak w Ocarina of Time lub The Wind Waker lub jeszcze lepsze &#8211;\u00a0 do manipulacji czasem?!<\/p>\n<p align=\"justify\">Teraz ze spokojem siedz\u0119 i czekam co b\u0119dzie. Ale nie zapomn\u0119 emocji jakie mi towarzyszy\u0142y zbli\u017caj\u0105cej si\u0119 premierze Breath of the Wild. Mo\u017ce dlatego, \u017ce przypad\u0142o to na okres kiedy niedawno powr\u00f3ci\u0142em do gier video i wszystko by\u0142o fascynuj\u0105ce , mn\u00f3stwo gier i 3 generacje do nadrobienia sprawi\u0142y, \u017ce przeskok z Ocarina of Time do Breath of the Wild dos\u0142ownie zabiera\u0142 tchu w piersi. Teraz czekam na kolejn\u0105 r\u00f3wnie dobr\u0105 przygod\u0119 w Tears of The Kingdom. I co by nie my\u015ble\u0107 to tytu\u0142 sugeruje, \u017ce to b\u0119dzie chyba smutniejsza Zelda&#8230;.czy tak jak Breath of the Wild por\u00f3wnuje si\u0119 do Ocarina of Time, tak Tears of The Kingdom b\u0119dziemy por\u00f3wnywa\u0107 do Majora&#8217;s Mask?<\/p>\n<p align=\"justify\">Jedyne na co licz\u0119, \u017ce nie zap\u0119tl\u0105 si\u0119 i ju\u017c ka\u017cda Zelda b\u0119dzie wygl\u0105da\u0142a jak Breath of the Wild. Chc\u0119 te\u017c takiej rewolucji jak The Wind Waker oraz ponurych klimat\u00f3w jak Twinlight Princess.<\/p>\n<p align=\"justify\">Co do daty premiery to dlaczego maj? Poprzednia ods\u0142ona wydana by\u0142a w marcu na premier\u0119 Switch. Czy\u017cby na maj by\u0142a szykowana kolejna wersja konsoli? Ma\u0142o prawdopodobne. Co wi\u0119c zostawi\u0105 na okres grudniowych zakup\u00f3w? Metroid 4 ?! A mo\u017ce t\u0105 dat\u0119 przesun\u0105 i kolejna Zelda wyjdzie nie latem, ale zim\u0105? Co nawet by\u0142oby lepsze, bo latem czas wol\u0119 sp\u0119dza\u0107 na dworze, a nie przed ekranem przy konsoli.<\/p>\n<p align=\"justify\">To ju\u017c chyba wszystkie interesuj\u0105ce mnie tytu\u0142y. W mojej ocenie to by\u0142 jeden z lepszych Direct\u00f3w. Oczywi\u015bcie Goldeneye 007 na Switch to by\u0142 pretekst, \u017ceby poopowiada\u0107 o pozosta\u0142ych tytu\u0142ach. Ale nie da si\u0119 by\u0107 mi\u0142o\u015bnikiem konsoli Nintendo 64 i nie interesowa\u0107 si\u0119 tak\u017ce Switch lub inn\u0105 konsol\u0105 Nintendo. To po prostu daje cz\u0142owiekowi mega fun, podobnie jak gry kt\u00f3re tworz\u0105.<\/p>\n<p align=\"justify\">@ Valoo<\/p>\n","protected":false},"excerpt":{"rendered":"<p>Nintendo ma to do siebie, \u017ce d\u0142ugo, d\u0142ugo siedzi cicho i nagle wali mega petard\u0119 zapowiadaj\u0105c mn\u00f3stwo \u015bwietnych tytu\u0142\u00f3w. A na dodatek gry kt\u00f3re og\u0142aszaj\u0105 w swoich Directach premier\u0119 b\u0119d\u0105 mia\u0142y do\u015b\u0107 rych\u0142\u0105, a najp\u00f3\u017aniej w ci\u0105gu roku czasu. A nast\u0119pnie znowu cicho siedz\u0105 i pozwalaj\u0105 spokojnie gra\u0107&#8230; Podobnie by\u0142o te\u017c i tym razem. Tyle,\u2026 <span class=\"read-more\"><a href=\"https:\/\/nintendo64.pl\/index.php\/direct-13-wrzesnia-2022\/\">Czytaj dalej &raquo;<\/a><\/span><\/p>\n","protected":false},"author":1,"featured_media":0,"parent":0,"menu_order":0,"comment_status":"open","ping_status":"closed","template":"","meta":{"footnotes":""},"class_list":["post-1425","page","type-page","status-publish","hentry"],"_links":{"self":[{"href":"https:\/\/nintendo64.pl\/index.php\/wp-json\/wp\/v2\/pages\/1425","targetHints":{"allow":["GET"]}}],"collection":[{"href":"https:\/\/nintendo64.pl\/index.php\/wp-json\/wp\/v2\/pages"}],"about":[{"href":"https:\/\/nintendo64.pl\/index.php\/wp-json\/wp\/v2\/types\/page"}],"author":[{"embeddable":true,"href":"https:\/\/nintendo64.pl\/index.php\/wp-json\/wp\/v2\/users\/1"}],"replies":[{"embeddable":true,"href":"https:\/\/nintendo64.pl\/index.php\/wp-json\/wp\/v2\/comments?post=1425"}],"version-history":[{"count":5,"href":"https:\/\/nintendo64.pl\/index.php\/wp-json\/wp\/v2\/pages\/1425\/revisions"}],"predecessor-version":[{"id":1435,"href":"https:\/\/nintendo64.pl\/index.php\/wp-json\/wp\/v2\/pages\/1425\/revisions\/1435"}],"wp:attachment":[{"href":"https:\/\/nintendo64.pl\/index.php\/wp-json\/wp\/v2\/media?parent=1425"}],"curies":[{"name":"wp","href":"https:\/\/api.w.org\/{rel}","templated":true}]}}