{"id":1243,"date":"2022-05-21T23:30:54","date_gmt":"2022-05-21T21:30:54","guid":{"rendered":"https:\/\/nintendo64.pl\/?page_id=1243"},"modified":"2022-05-21T23:30:54","modified_gmt":"2022-05-21T21:30:54","slug":"toy-box","status":"publish","type":"page","link":"https:\/\/nintendo64.pl\/index.php\/toy-box\/","title":{"rendered":"TOY BOX"},"content":{"rendered":"<p align=\"justify\">Poza graniem i pisaniem o konsoli Nintendo 64, mam w planach zrealizowa\u0107 ma\u0142y mod do gry Banjo-Kazooie. Aktualnie troch\u0119 si\u0119 bawi\u0119, poznaj\u0119 mo\u017cliwo\u015bci, co mo\u017cna, a czego si\u0119 nie da zrobi\u0107. Poni\u017cej efekt zabawy teksturami i zebranie ich w jednym miejscu. Mo\u017cliwo\u015bci s\u0105, pomys\u0142y w g\u0142owie tak\u017ce. Czas pokarze, co z tego wyjdzie. Dalsze efekty swojej pracy b\u0119d\u0119 zamieszcza\u0142 tutaj.<\/p>\n<p align=\"justify\"><img loading=\"lazy\" decoding=\"async\" class=\"aligncenter size-full wp-image-1244\" src=\"https:\/\/nintendo64.pl\/wp-content\/uploads\/nintendo64pl_toybox_01.jpg\" alt=\"\" width=\"1050\" height=\"796\" srcset=\"https:\/\/nintendo64.pl\/wp-content\/uploads\/nintendo64pl_toybox_01.jpg 1050w, https:\/\/nintendo64.pl\/wp-content\/uploads\/nintendo64pl_toybox_01-300x227.jpg 300w, https:\/\/nintendo64.pl\/wp-content\/uploads\/nintendo64pl_toybox_01-1024x776.jpg 1024w, https:\/\/nintendo64.pl\/wp-content\/uploads\/nintendo64pl_toybox_01-150x114.jpg 150w, https:\/\/nintendo64.pl\/wp-content\/uploads\/nintendo64pl_toybox_01-768x582.jpg 768w, https:\/\/nintendo64.pl\/wp-content\/uploads\/nintendo64pl_toybox_01-660x500.jpg 660w\" sizes=\"auto, (max-width: 1050px) 100vw, 1050px\" \/> <img loading=\"lazy\" decoding=\"async\" class=\"aligncenter size-full wp-image-1245\" src=\"https:\/\/nintendo64.pl\/wp-content\/uploads\/nintendo64pl_toybox_02.jpg\" alt=\"\" width=\"1050\" height=\"802\" srcset=\"https:\/\/nintendo64.pl\/wp-content\/uploads\/nintendo64pl_toybox_02.jpg 1050w, https:\/\/nintendo64.pl\/wp-content\/uploads\/nintendo64pl_toybox_02-300x229.jpg 300w, https:\/\/nintendo64.pl\/wp-content\/uploads\/nintendo64pl_toybox_02-1024x782.jpg 1024w, https:\/\/nintendo64.pl\/wp-content\/uploads\/nintendo64pl_toybox_02-150x115.jpg 150w, https:\/\/nintendo64.pl\/wp-content\/uploads\/nintendo64pl_toybox_02-768x587.jpg 768w, https:\/\/nintendo64.pl\/wp-content\/uploads\/nintendo64pl_toybox_02-660x504.jpg 660w\" sizes=\"auto, (max-width: 1050px) 100vw, 1050px\" \/> <img loading=\"lazy\" decoding=\"async\" class=\"aligncenter size-full wp-image-1246\" src=\"https:\/\/nintendo64.pl\/wp-content\/uploads\/nintendo64pl_toybox_03.jpg\" alt=\"\" width=\"1050\" height=\"792\" \/> <img loading=\"lazy\" decoding=\"async\" class=\"aligncenter size-full wp-image-1247\" src=\"https:\/\/nintendo64.pl\/wp-content\/uploads\/nintendo64pl_toybox_04.jpg\" alt=\"\" width=\"1050\" height=\"795\" srcset=\"https:\/\/nintendo64.pl\/wp-content\/uploads\/nintendo64pl_toybox_04.jpg 1050w, https:\/\/nintendo64.pl\/wp-content\/uploads\/nintendo64pl_toybox_04-300x227.jpg 300w, https:\/\/nintendo64.pl\/wp-content\/uploads\/nintendo64pl_toybox_04-1024x775.jpg 1024w, https:\/\/nintendo64.pl\/wp-content\/uploads\/nintendo64pl_toybox_04-150x114.jpg 150w, https:\/\/nintendo64.pl\/wp-content\/uploads\/nintendo64pl_toybox_04-768x581.jpg 768w, https:\/\/nintendo64.pl\/wp-content\/uploads\/nintendo64pl_toybox_04-660x500.jpg 660w\" sizes=\"auto, (max-width: 1050px) 100vw, 1050px\" \/> <img loading=\"lazy\" decoding=\"async\" class=\"aligncenter size-full wp-image-1248\" src=\"https:\/\/nintendo64.pl\/wp-content\/uploads\/nintendo64pl_toybox_05.jpg\" alt=\"\" width=\"1050\" height=\"801\" srcset=\"https:\/\/nintendo64.pl\/wp-content\/uploads\/nintendo64pl_toybox_05.jpg 1050w, https:\/\/nintendo64.pl\/wp-content\/uploads\/nintendo64pl_toybox_05-300x229.jpg 300w, https:\/\/nintendo64.pl\/wp-content\/uploads\/nintendo64pl_toybox_05-1024x781.jpg 1024w, https:\/\/nintendo64.pl\/wp-content\/uploads\/nintendo64pl_toybox_05-150x114.jpg 150w, https:\/\/nintendo64.pl\/wp-content\/uploads\/nintendo64pl_toybox_05-768x586.jpg 768w, https:\/\/nintendo64.pl\/wp-content\/uploads\/nintendo64pl_toybox_05-660x503.jpg 660w\" sizes=\"auto, (max-width: 1050px) 100vw, 1050px\" \/> <img loading=\"lazy\" decoding=\"async\" class=\"aligncenter size-full wp-image-1249\" src=\"https:\/\/nintendo64.pl\/wp-content\/uploads\/nintendo64pl_toybox_06.jpg\" alt=\"\" width=\"1050\" height=\"803\" \/><\/p>\n<p align=\"justify\"><span style=\"color: #ff6600;\"><strong>Data pierwotnej publikacji:<\/strong><\/span> 21.05.2022.<\/p>\n<p align=\"justify\"><span style=\"color: #ff6600;\"><strong>Data ostatniej modyfikacji:<\/strong><\/span> 21.05.2022.<\/p>\n<p align=\"justify\">@ Valoo<\/p>\n","protected":false},"excerpt":{"rendered":"<p>Poza graniem i pisaniem o konsoli Nintendo 64, mam w planach zrealizowa\u0107 ma\u0142y mod do gry Banjo-Kazooie. Aktualnie troch\u0119 si\u0119 bawi\u0119, poznaj\u0119 mo\u017cliwo\u015bci, co mo\u017cna, a czego si\u0119 nie da zrobi\u0107. Poni\u017cej efekt zabawy teksturami i zebranie ich w jednym miejscu. Mo\u017cliwo\u015bci s\u0105, pomys\u0142y w g\u0142owie tak\u017ce. Czas pokarze, co z tego wyjdzie. Dalsze efekty\u2026 <span class=\"read-more\"><a href=\"https:\/\/nintendo64.pl\/index.php\/toy-box\/\">Czytaj dalej &raquo;<\/a><\/span><\/p>\n","protected":false},"author":1,"featured_media":0,"parent":0,"menu_order":0,"comment_status":"open","ping_status":"closed","template":"","meta":{"footnotes":""},"class_list":["post-1243","page","type-page","status-publish","hentry"],"_links":{"self":[{"href":"https:\/\/nintendo64.pl\/index.php\/wp-json\/wp\/v2\/pages\/1243","targetHints":{"allow":["GET"]}}],"collection":[{"href":"https:\/\/nintendo64.pl\/index.php\/wp-json\/wp\/v2\/pages"}],"about":[{"href":"https:\/\/nintendo64.pl\/index.php\/wp-json\/wp\/v2\/types\/page"}],"author":[{"embeddable":true,"href":"https:\/\/nintendo64.pl\/index.php\/wp-json\/wp\/v2\/users\/1"}],"replies":[{"embeddable":true,"href":"https:\/\/nintendo64.pl\/index.php\/wp-json\/wp\/v2\/comments?post=1243"}],"version-history":[{"count":2,"href":"https:\/\/nintendo64.pl\/index.php\/wp-json\/wp\/v2\/pages\/1243\/revisions"}],"predecessor-version":[{"id":1253,"href":"https:\/\/nintendo64.pl\/index.php\/wp-json\/wp\/v2\/pages\/1243\/revisions\/1253"}],"wp:attachment":[{"href":"https:\/\/nintendo64.pl\/index.php\/wp-json\/wp\/v2\/media?parent=1243"}],"curies":[{"name":"wp","href":"https:\/\/api.w.org\/{rel}","templated":true}]}}