{"id":110,"date":"2022-04-15T23:55:52","date_gmt":"2022-04-15T21:55:52","guid":{"rendered":"https:\/\/nintendo64.pl\/?page_id=110"},"modified":"2023-06-19T23:53:18","modified_gmt":"2023-06-19T21:53:18","slug":"banjo-kazooie","status":"publish","type":"page","link":"https:\/\/nintendo64.pl\/index.php\/banjo-kazooie\/","title":{"rendered":"Banjo-Kazooie"},"content":{"rendered":"<p lang=\"pl-PL\" align=\"justify\"><b>Firma Rareware zd\u0105\u017cy\u0142a wyrobi\u0107 sobie tak dobr\u0105 renom\u0119, \u017ce ich gry na Nintendo 64 mo\u017cna kupowa\u0107 w ciemno, traktuj\u0105c ich logo firmy jak znaczek jako\u015bci. Za\u015b Banjo-Kazooie to w mojej opinii najlepszy tego przyk\u0142ad. <\/b><\/p>\n<p lang=\"pl-PL\" align=\"justify\">Nied\u0142ugo po premierze Super Mario 64, otworzy\u0142 si\u0119 worek i na tej konsoli zacz\u0119\u0142o pojawia\u0107 si\u0119 mn\u00f3stwo platform\u00f3wek. Jedne lepsze, inne za\u015b gorsze. Jednak idea\u0142 pozostawa\u0142 niedo\u015bcigniony, a\u017c do czasu. A to za spraw\u0105 studia Rareware, kt\u00f3re wyda\u0142o gr\u0119 Banjo-Kazooie. Czyli typow\u0105 gr\u0119 platform\u00f3wkow\u0105 z wieloma elementami przygodowymi.<\/p>\n<p lang=\"pl-PL\" align=\"justify\">Od razu zaznacz\u0119 na wst\u0119pie, \u017ceby nikogo nie wprowadza\u0107 w b\u0142\u0105d, \u017ce jestem fanem przyg\u00f3d nied\u017awiadka i sp\u00f3\u0142ki, wi\u0119c b\u0119d\u0119 tylko s\u0142odzi\u0142 i wychwala\u0142. A osoby kt\u00f3re posiada\u0142y kiedykolwiek konsol\u0119 Nintendo 64 z pewno\u015bci\u0105 znaj\u0105 ten tytu\u0142 i na dobr\u0105 spraw\u0119 mog\u0105 zako\u0144czy\u0107 czytanie na tym akapicie\u2026 Dla tych kt\u00f3rzy jednak nie mieli okazji zapozna\u0107 si\u0119 z t\u0105 wspania\u0142\u0105 gr\u0105, poni\u017cej skre\u015bli\u0142em kilka s\u0142\u00f3w na jej temat.<\/p>\n<p lang=\"pl-PL\" align=\"justify\">Sama historia w grze jest do\u015b\u0107 prosta, opowiada bowiem o przygodach mi\u015bka (Banjo) i noszonego przez niego w plecaku czerwonego ptaka p\u0142ci \u017ce\u0144skiej (Kazooie). Obie postacie s\u0105 zarysowane wyra\u017anie, a ich charakter podkre\u015blaj\u0105 liczne dowcipne dialogi. I tak od razu wida\u0107, \u017ce Kazooie jest zadziorna i nie daje sobie w kasz\u0119 dmucha\u0107.<\/p>\n<p lang=\"pl-PL\" align=\"justify\">\n<p lang=\"pl-PL\" align=\"center\"><img loading=\"lazy\" decoding=\"async\" class=\"aligncenter size-full wp-image-111\" src=\"https:\/\/nintendo64.pl\/wp-content\/uploads\/2022\/04\/nintendo64pl_BanjoKazooie_04.jpg\" alt=\"\" width=\"1050\" height=\"701\" \/><\/p>\n<p lang=\"pl-PL\" align=\"center\"><img loading=\"lazy\" decoding=\"async\" class=\"aligncenter size-full wp-image-112\" src=\"https:\/\/nintendo64.pl\/wp-content\/uploads\/2022\/04\/nintendo64pl_BanjoKazooie_09.jpg\" alt=\"\" width=\"1050\" height=\"795\" \/><\/p>\n<p lang=\"pl-PL\" align=\"center\">\n<p lang=\"pl-PL\" align=\"justify\">Wszystko zaczyna si\u0119 pewnego zwyk\u0142ego dnia gdy siostra Banjo o imieniu Tooty przychodzi do niego w odwiedziny. Wtedy bowiem zostaje porwana tu\u017c przed jego domem. Sprawczyni\u0105 tego jest zielona, gruba i brzydka wied\u017ama, kt\u00f3ra jest zazdrosna o urod\u0119 m\u0142odej Tooty. I mo\u017ce nasz bohater nie spieszy\u0142by si\u0119 zbytnio z ratowaniem siostry, gdyby wied\u017ama chcia\u0142a j\u0105 tylko schowa\u0107 przed wzrokiem \u015bwiata. Ta jednak obmy\u015bli\u0142a bardziej niecny plan. Zbudowa\u0142a specjaln\u0105 maszyn\u0119 dzi\u0119ki kt\u00f3rej m\u0142odo\u015b\u0107 i pi\u0119kno Tooty przeleje w swoje zwi\u0119d\u0142e i skostnia\u0142e cia\u0142o. Nasi bohaterowie (Banjo i Kazooie) pr\u0119dko wyrusz\u0105 na spotkanie z przygod\u0105, \u017ceby na jej ko\u0144cu uratowa\u0107 z ca\u0142ej tej opresji Tooty. Wkraczaj\u0105 wi\u0119c w ponure progi jaskini wied\u017amy (Gruntilda\u2019s Lair), gdzie na drodze do jej komnaty odwiedz\u0105 9 zr\u00f3\u017cnicowanych \u015bwiat\u00f3w. Ka\u017cdy z nich to inna bajka, pi\u0119kna i kolorowa, ale o nich poni\u017cej. Bowiem sama jaskinia wied\u017amy stanowi jeden wielki \u015bwiat, w kt\u00f3ry wraz z post\u0119pem w grze coraz bardziej si\u0119 zag\u0142\u0119biamy odkrywaj\u0105c jego sekrety. Jest po prostu przepi\u0119kna. Je\u017celi tak mo\u017cna powiedzie\u0107 o mokrej jaskini. Pomys\u0142owo zaprojektowana, miejscami bajkowa i zr\u00f3\u017cnicowana sceneria okraszona \u015bwietn\u0105 muzyk\u0105. Ale to dopiero mo\u017cna doceni\u0107 gdy otworzymy wszystkie przej\u015bcia i swobodnie pozwiedzamy miejsca w kt\u00f3rych ju\u017c byli\u015bmy. Wtedy to si\u0119 docenia. Do tego wied\u017ama kt\u00f3ra gdzie\u015b tam z g\u00f3ry rzuca do nas ci\u0105gle z\u0142o\u015bliwe teksty. Dzi\u0119ki temu nie jest tylko g\u0142\u00f3wnym bossem na ko\u0144cu gry, ale ca\u0142y czas wplata si\u0119 w rozgrywk\u0119 i nie pozwala o sobie zapomnie\u0107.<\/p>\n<p lang=\"pl-PL\" align=\"justify\">Poza tym jaskinia wied\u017amy stanowi dobry punkt do przej\u015bcia w kolejne magiczne i czasem zwariowane \u015bwiaty. Wida\u0107 tutaj du\u017c\u0105 inspiracj\u0119 g\u0142\u00f3wnym konkurentem na tym polu. Bowiem te\u017c mamy jaskinie b\u0119d\u0105c\u0105 odpowiednikiem zamku kr\u00f3lewny Peach. Do ka\u017cdego ze \u015bwiat\u00f3w mo\u017ce nie wskakujemy przez obrazy, ale uk\u0142adamy je z rozrzuconych puzzli, dzi\u0119ki czemu otwieraj\u0105 si\u0119 przed nami drzwi do kolejnych poziom\u00f3w. <b>Nie zbieramy gwiazdek, ale r\u00f3wnie jasno l\u015bni\u0105ce i przyci\u0105gaj\u0105ce wzrok puzzle.<\/b> Poza tym liczne nutki, jajka, pi\u00f3rka, totemy i co tam jeszcze przyjdzie do g\u0142owy autorom gry. Aha jest jeszcze Jinjo, plastusiowa posta\u0107 wyst\u0119puj\u0105ca w 5 kolorach do zebrania w ka\u017cdym z odwiedzanych \u015bwiat\u00f3w. Co by nam u\u0142atwi\u0107 ich odszukanie, ka\u017cda z nich bezradnie stoi, wymachuje r\u0105czkami i wo\u0142a nas z daleka. Generalnie w grze po\u0142o\u017cono nacisk na zbieractwo i charakter platformowy jak w Super Mario 64, ale tak\u017ce w wi\u0119kszym stopniu na elementy przygodowe.<\/p>\n<p lang=\"pl-PL\" align=\"justify\">W ka\u017cdym ze \u015bwiat\u00f3w przyjdzie nam skompletowa\u0107 10 puzzli i 100 nutek. A te czasem s\u0105 bardzo perfidnie poukrywane i wymagaj\u0105 przeczesania wszystkich zakamark\u00f3w. \u017beby otworzy\u0107 kolejny \u015bwiat, trzeba uzbiera\u0107 odpowiedni\u0105 ilo\u015b\u0107 puzzli, kt\u00f3re pozwol\u0105 wype\u0142ni\u0107 luki w obrazie, b\u0119d\u0105cym form\u0105 uk\u0142adanki. Ale \u017ceby tego by\u0142o ma\u0142o, to na naszej drodze postawiono tak\u017ce muzyczne drzwi, kt\u00f3re otwieraj\u0105 si\u0119 dopiero po zebraniu wystarczaj\u0105cej liczby nutek. Ka\u017cdy ze \u015bwiat\u00f3w jest inny, zr\u00f3\u017cnicowany i obfituje w wiele atrakcji, zada\u0144 i mini gierek. Samo przej\u015bcie Banjo-Kazooie nie powinno nastr\u0119cza\u0107 problem\u00f3w, jednak gdy b\u0119dziemy chcieli uzbiera\u0107 100% nutek i puzzli to oka\u017ce si\u0119 to nie lada wyzwaniem. W ogarni\u0119ciu wszystkiego pomagaj\u0105 nam statystyki wy\u015bwietlane po w\u0142\u0105czeniu pauzy. Pokazuj\u0105 nam ile i czego zebrali\u015bmy w poszczeg\u00f3lnym ze \u015bwiat\u00f3w.<\/p>\n<p lang=\"pl-PL\" align=\"center\"><img loading=\"lazy\" decoding=\"async\" class=\"aligncenter size-full wp-image-113\" src=\"https:\/\/nintendo64.pl\/wp-content\/uploads\/2022\/04\/nintendo64pl_BanjoKazooie_11.jpg\" alt=\"\" width=\"1050\" height=\"778\" \/><\/p>\n<p lang=\"pl-PL\" align=\"justify\"><b>W trakcie buszowania po jaskini wied\u017amy odwiedzimy wiosk\u0119 szamana, wn\u0119trze drzewa, statek w porcie, wysp\u0119 na \u015brodku oceanu, wn\u0119trze mechanicznego rekina, piramidy egipskie, nawiedzony dom i \u2026. i naprawd\u0119 ka\u017cda z tych plansz tchnie \u015bwie\u017co\u015bci\u0105 i oryginalno\u015bci\u0105.<\/b> Pomys\u0142\u00f3w autorom nie brakowa\u0142o, ka\u017cdy k\u0105t jest usiany zadaniami do wykonania lub nutkami i innymi przedmiotami do zebrania. Ponadto w nasz\u0105 przygod\u0119 opr\u00f3cz element\u00f3w platformowych i zbieractwa wpleciono tak\u017ce liczne elementy przygodowe, gdzie cz\u0119sto b\u0119dziemy pomagali napotkanym postaciom w ich problemach. Przyjdzie na zmierzy\u0107 si\u0119 nie tylko z wyzwaniami czysto zr\u0119czno\u015bciowymi, ale tak\u017ce i pami\u0119ciowymi. Kilka zada\u0144 polega na odtworzeniu kolejno\u015bci us\u0142yszanych d\u017awi\u0119k\u00f3w, innym razem b\u0119dziemy musieli by\u0107 szybsi w zjadaniu jab\u0142ek. Ale na pewno nie b\u0119dziemy si\u0119 nudzili!<\/p>\n<p lang=\"pl-PL\" align=\"center\"><img loading=\"lazy\" decoding=\"async\" class=\"aligncenter size-full wp-image-114\" src=\"https:\/\/nintendo64.pl\/wp-content\/uploads\/2022\/04\/nintendo64pl_BanjoKazooie_03.jpg\" alt=\"\" width=\"1050\" height=\"793\" \/><\/p>\n<p lang=\"pl-PL\" align=\"justify\">Warto wspomnie\u0107 o czym\u015b czego nie wida\u0107 na pierwszy, ani na drugi rzut oka. Mianowicie m\u00f3wi\u0119 o wywa\u017conym poziomie trudno\u015bci. Czyli czym\u015b trudnym do sprecyzowania, ale jak\u017ce wa\u017cnym w ka\u017cdej grze. Postawione przed naszym duetem zadania pocz\u0105tkowo banalnie \u0142atwe, zaczynaj\u0105 stopniowo robi\u0107 si\u0119 trudniejsze. Jednak ju\u017c od drugiego \u015bwiata ich poziom trudno\u015bci utrzymuje si\u0119 na zr\u00f3wnowa\u017conym poziomie. Tak wi\u0119c nie ma wybitnie trudnych lub \u0142atwych plansz. Owszem, cz\u0119\u015b\u0107 zada\u0144 b\u0119dzie \u0142atwa. Ale zapewniam, \u017ce nawet te naj\u0142atwiejsze wykonuje si\u0119 z prawdziw\u0105 przyjemno\u015bci\u0105. Co jednak wa\u017cne w grze nie spotka\u0142em si\u0119 z zadaniem, kt\u00f3re trzeba by\u0142oby powtarza\u0107 kilkadziesi\u0105t razy a\u017c zacz\u0119\u0142oby to irytowa\u0107. Za\u015b z drugiej strony nie ma banalnie \u0142atwych wyzwa\u0144.<\/p>\n<p lang=\"pl-PL\" align=\"justify\">W pokonywaniu wymy\u015blnych przeszk\u00f3d, duet Banjo i Kazooie b\u0119dzie mia\u0142 do dyspozycji szeroki wachlarz ruch\u00f3w. Wyliczy\u0107 tutaj mo\u017cna bieganie po stromych urwiskach na pazurzastych nogach Kazooie, wysokie salta, wybijanie si\u0119 wysoko w g\u00f3r\u0119 ze specjalnych platform, latanie, p\u0142ywanie, a tak\u017ce strzelanie jajkami. Dzi\u0119ki zbieranym pi\u00f3rkom, b\u0119dziemy mogli lata\u0107 lub sta\u0107 si\u0119 niezniszczalnym. Oczywi\u015bcie nie wszystko dane nam b\u0119dzie u\u017cy\u0107 ju\u017c od pocz\u0105tku gry. W trakcie przygody b\u0119dziemy spotykali krecika, pe\u0142ni\u0105cego rol\u0119 nauczyciela, kt\u00f3ry b\u0119dzie pokazywa\u0142 nam nowe umiej\u0119tno\u015bci. Pomimo to nie we wszystkie miejsca b\u0119dziemy mogli dosta\u0107 si\u0119 jako duet Banjo i Kazooie. <b>W tym momencie przychodzi z pomoc\u0105 samozwa\u0144czy g\u0142\u00f3wny szaman gry, czyli Mumbo.<\/b> Poznajemy go ju\u017c w pierwszym \u015bwiecie \u201eMumbo Mountain\u201d. To za spraw\u0105 jego czar\u00f3w, nasi bohaterowie zmieni\u0105 si\u0119 w mr\u00f3wk\u0119, kt\u00f3ra jest drobna, lekka i wejdzie tam gdzie nie zdo\u0142a ci\u0119\u017cki nied\u017awied\u017a. W pszczo\u0142\u0119, kt\u00f3r\u0105 zawitamy w ulu pe\u0142nym plastr\u00f3w miodu, krokodyla o ostrych z\u0119bach, fok\u0119 odporn\u0105 na arktyczne lodowate wody oraz w dyni\u0119 kt\u00f3ra to\u2026a sami sprawd\u017acie. Poza tym posta\u0107 szamana jest barwnie nakre\u015blona dzi\u0119ki tekstom kt\u00f3re rzuca po ka\u017cdej przemianie naszego duetu w nowe stworzenie.<\/p>\n<p lang=\"pl-PL\" align=\"center\"><img loading=\"lazy\" decoding=\"async\" class=\"aligncenter size-full wp-image-115\" src=\"https:\/\/nintendo64.pl\/wp-content\/uploads\/2022\/04\/nintendo64pl_BanjoKazooie_07.jpg\" alt=\"\" width=\"1050\" height=\"781\" \/><\/p>\n<p lang=\"pl-PL\" align=\"justify\"><b>Oprawa wizualna to nie tylko najwy\u017cszy poziom mo\u017cliwo\u015bci konsoli Nintendo 64, ale przede wszystkim bardzo kolorowa, bajkowa i mi\u0142a dla oka stylistyka.<\/b> Zimowa kraina sprawia, \u017ce czujemy \u015bwi\u0105teczne klimaty, a z pustynnej krainy wysypuje si\u0119 prawie, \u017ce pod nasze nogi gor\u0105cy piasek. Generalnie gra jest pi\u0119kna. W akompaniamencie z opraw\u0105 wizualn\u0105 idzie te\u017c muzyczna. Odgrywa ona nie mniej znacz\u0105c\u0105 rol\u0119 od tego co widzimy na ekranie. Ka\u017cdy z odwiedzanych \u015bwiat\u00f3w ma swoje t\u0142o muzyczne, a w zale\u017cno\u015bci od pomieszcze\u0144, kt\u00f3re odwiedzamy ulega ono zmianie. Autorom uda\u0142o si\u0119 za pomoc\u0105 d\u017awi\u0119ku podkre\u015bli\u0107 to co dzieje si\u0119 na ekranie. I ju\u017c wst\u0119p do gry gdzie ca\u0142a ekipa odstawia koncert podkre\u015bla, \u017ce muzyka w tej grze jest r\u00f3wnie wa\u017cna co grafika. W Banjo-Kazooie \u015bcie\u017cka d\u017awi\u0119kowa to jeden z tych element\u00f3w, kt\u00f3re s\u0105 charakterystyczne dla tego tytu\u0142u, a tym samym ch\u0142opcy z Rareware przebili swoje poprzednie osi\u0105gni\u0119cia w tym temacie. Jednak\u017ce z powodu ograniczonej pojemno\u015bci kartrid\u017cy dialogi postaci nie posiadaj\u0105 kwestii m\u00f3wionych, a jedynie pomrukuj\u0105 (co zreszt\u0105 sta\u0142o si\u0119 symbolem dla gier z tego okresu gier). Ale te pomruki i pochrz\u0105kiwania s\u0105 na tyle zr\u00f3\u017cnicowane i ekspresyjne, \u017ce wypadaj\u0105 nawet lepiej ni\u017c kwestie m\u00f3wione (ale to w mojej ocenie, bo generalnie to rzecz dyskusyjna). Ka\u017cdy napotkany przeciwnik skrzeczy, warczy czy wydaje innych specyficzny dla siebie odg\u0142os. Z takich smaczk\u00f3w warto zwr\u00f3ci\u0107 uwag\u0119, \u017ce ka\u017cda z postaci, czy to nastawionych do nas przyja\u017anie czy te\u017c wrogo, zosta\u0142a ochrzczona imieniem. S\u0105 one czasem bardzo dziwaczne, ale uk\u0142ony w kierunku autor\u00f3w za takie drobiazgi. Imiona niekt\u00f3rych postaci poznamy w trakcie gry, za\u015b przegl\u0105d wszystkich zobaczymy w credits po pokonaniu wied\u017amy. Poza tym spersonifikowano wiele przedmiot\u00f3w, kt\u00f3re dosta\u0142y oczy i g\u0142os jak chocia\u017cby gadaj\u0105cy ul pe\u0142en miodu czy zbierane ci\u0105gle nutki i puzzle.<\/p>\n<p lang=\"pl-PL\" align=\"center\"><img loading=\"lazy\" decoding=\"async\" class=\"aligncenter size-full wp-image-116\" src=\"https:\/\/nintendo64.pl\/wp-content\/uploads\/2022\/04\/nintendo64pl_BanjoKazooie_05.jpg\" alt=\"\" width=\"1050\" height=\"777\" \/><\/p>\n<p lang=\"pl-PL\" align=\"justify\">Zbli\u017caj\u0105c si\u0119 powoli do zako\u0144czenia, to na ile czasu gra zapewni nam rozrywk\u0119? Ja na szybko przeszed\u0142em j\u0105 w ci\u0105gu 8 godzin, ale znam j\u0105 do\u015b\u0107 dobrze i odszukanie wszystkich puzzli i nutek jest \u0142atwiejsze. My\u015bl\u0119, \u017ce na spokojnie oko\u0142o 10-15 godzin mo\u017cna przy tym tytule p\u0119dzi\u0107 i wycisn\u0105\u0107 z niego wszystko co jest mo\u017cliwe. Ale co najwa\u017cniejsze, to z przyjemno\u015bci\u0105 si\u0119 wraca do tej gry, bo sama rozgrywka, jak ju\u017c wspomnia\u0142em wy\u017cej, jest na tyle dobrze wywa\u017cona, \u017ce sprawia niesamowicie du\u017co przyjemno\u015bci. Bogactwo miodu wylewa si\u0119 brzegami telewizora.<\/p>\n<p lang=\"pl-PL\" align=\"center\"><img loading=\"lazy\" decoding=\"async\" class=\"aligncenter size-full wp-image-117\" src=\"https:\/\/nintendo64.pl\/wp-content\/uploads\/2022\/04\/nintendo64pl_BanjoKazooie_01.jpg\" alt=\"\" width=\"1050\" height=\"800\" \/><\/p>\n<p lang=\"pl-PL\" align=\"justify\"><span style=\"color: #ff6600;\"><b>S\u0142owo na koniec:<\/b><\/span> Banjo-Kazooie jest jedn\u0105 z lepszych gier tego gatunku na konsoli Nintendo 64, stawiana na r\u00f3wni z Super Mario 64, albo i nawet lepsz\u0105\u2026. Gra wybi\u0142a si\u0119 oryginalnym pomys\u0142em z duetem dw\u00f3ch postaci, kt\u00f3rego nie spotykamy nigdzie wcze\u015bniej. A tak\u017ce bardzo dobr\u0105 realizacj\u0105 pomys\u0142\u00f3w i bajkow\u0105 grafik\u0105. Oczywi\u015bcie transformacje naszych bohater\u00f3w, mo\u017ce ju\u017c nie tyle oryginalne, co bardzo dobrze zrealizowane i wplecione w rozgrywk\u0119. Bezsprzecznie ka\u017cdy kogo omin\u0119\u0142a ta gra wiele straci\u0142. I nie nale\u017cy si\u0119 zmyli\u0107 kolorow\u0105 stylistyk\u0105 i dziecinnymi postaciami. Gra jest niesamowicie miodna, grywalna i wci\u0105gaj\u0105ca na wiele godzin.<\/p>\n<p lang=\"pl-PL\">@ Valoo<\/p>\n<h2 class=\"western\" lang=\"pl-PL\"><\/h2>\n<h3 class=\"western\" lang=\"pl-PL\"><strong><span style=\"font-size: medium; color: #ff6600;\">Notka techniczna<\/span><\/strong><\/h3>\n<p lang=\"pl-PL\" align=\"left\">Data pierwszej publikacji: 26.11.2016.<br \/>\nData ostatniej modyfikacji: 11.04.2022.<br \/>\nKonsola: Nintendo 64, Xbox Live Arcade<br \/>\nData wydania (Europa): 17 lipca 1998<br \/>\nProducenta: Rareware<br \/>\nWydawca: Nintendo<br \/>\nSprzeda\u017c: 3,65 mln [1]<\/p>\n<p lang=\"pl-PL\">\n<p lang=\"pl-PL\" align=\"left\"><span style=\"color: #000000;\"><strong>Bibliografia<\/strong><\/span><\/p>\n<p lang=\"pl-PL\" align=\"left\">[1] Nintendo 64 Anthology Enhanced Edition<\/p>\n<p lang=\"pl-PL\"><strong>Zdj\u0119cia<\/strong><\/p>\n<p lang=\"pl-PL\"><img loading=\"lazy\" decoding=\"async\" class=\"aligncenter size-full wp-image-255\" src=\"https:\/\/nintendo64.pl\/wp-content\/uploads\/nintendo64plBanjoKazooie.jpg\" alt=\"\" width=\"1052\" height=\"719\" srcset=\"https:\/\/nintendo64.pl\/wp-content\/uploads\/nintendo64plBanjoKazooie.jpg 1052w, https:\/\/nintendo64.pl\/wp-content\/uploads\/nintendo64plBanjoKazooie-300x205.jpg 300w, https:\/\/nintendo64.pl\/wp-content\/uploads\/nintendo64plBanjoKazooie-1024x700.jpg 1024w, https:\/\/nintendo64.pl\/wp-content\/uploads\/nintendo64plBanjoKazooie-150x103.jpg 150w, https:\/\/nintendo64.pl\/wp-content\/uploads\/nintendo64plBanjoKazooie-768x525.jpg 768w, https:\/\/nintendo64.pl\/wp-content\/uploads\/nintendo64plBanjoKazooie-660x451.jpg 660w\" sizes=\"auto, (max-width: 1052px) 100vw, 1052px\" \/><\/p>\n","protected":false},"excerpt":{"rendered":"<p>Firma Rareware zd\u0105\u017cy\u0142a wyrobi\u0107 sobie tak dobr\u0105 renom\u0119, \u017ce ich gry na Nintendo 64 mo\u017cna kupowa\u0107 w ciemno, traktuj\u0105c ich logo firmy jak znaczek jako\u015bci. Za\u015b Banjo-Kazooie to w mojej opinii najlepszy tego przyk\u0142ad. Nied\u0142ugo po premierze Super Mario 64, otworzy\u0142 si\u0119 worek i na tej konsoli zacz\u0119\u0142o pojawia\u0107 si\u0119 mn\u00f3stwo platform\u00f3wek. Jedne lepsze, inne\u2026 <span class=\"read-more\"><a href=\"https:\/\/nintendo64.pl\/index.php\/banjo-kazooie\/\">Czytaj dalej &raquo;<\/a><\/span><\/p>\n","protected":false},"author":1,"featured_media":0,"parent":0,"menu_order":0,"comment_status":"open","ping_status":"closed","template":"","meta":{"footnotes":""},"class_list":["post-110","page","type-page","status-publish","hentry"],"_links":{"self":[{"href":"https:\/\/nintendo64.pl\/index.php\/wp-json\/wp\/v2\/pages\/110","targetHints":{"allow":["GET"]}}],"collection":[{"href":"https:\/\/nintendo64.pl\/index.php\/wp-json\/wp\/v2\/pages"}],"about":[{"href":"https:\/\/nintendo64.pl\/index.php\/wp-json\/wp\/v2\/types\/page"}],"author":[{"embeddable":true,"href":"https:\/\/nintendo64.pl\/index.php\/wp-json\/wp\/v2\/users\/1"}],"replies":[{"embeddable":true,"href":"https:\/\/nintendo64.pl\/index.php\/wp-json\/wp\/v2\/comments?post=110"}],"version-history":[{"count":6,"href":"https:\/\/nintendo64.pl\/index.php\/wp-json\/wp\/v2\/pages\/110\/revisions"}],"predecessor-version":[{"id":1035,"href":"https:\/\/nintendo64.pl\/index.php\/wp-json\/wp\/v2\/pages\/110\/revisions\/1035"}],"wp:attachment":[{"href":"https:\/\/nintendo64.pl\/index.php\/wp-json\/wp\/v2\/media?parent=110"}],"curies":[{"name":"wp","href":"https:\/\/api.w.org\/{rel}","templated":true}]}}